CRAN Package Check Results for Package UComp

Last updated on 2022-01-19 05:48:43 CET.

Flavor Version Tinstall Tcheck Ttotal Status Flags
r-devel-linux-x86_64-debian-clang 2.2.2 95.02 166.73 261.75 OK
r-devel-linux-x86_64-debian-gcc 2.2.2 73.97 124.31 198.28 OK
r-devel-linux-x86_64-fedora-clang 2.2.2 316.32 NOTE
r-devel-linux-x86_64-fedora-gcc 2.2.2 275.45 OK
r-devel-windows-x86_64-new-UL 2.2.2 88.00 141.00 229.00 OK
r-devel-windows-x86_64-new-TK 2.2.2 OK
r-patched-linux-x86_64 2.2.2 75.97 135.94 211.91 OK
r-release-linux-x86_64 2.2.2 OK
r-release-macos-arm64 2.2.2 NOTE
r-release-macos-x86_64 2.2.2 NOTE
r-release-windows-ix86+x86_64 2.2.2 197.00 171.00 368.00 OK
r-oldrel-macos-x86_64 2.2.2 NOTE
r-oldrel-windows-ix86+x86_64 2.2.2 199.00 181.00 380.00 OK

Check Details

Version: 2.2.2
Check: installed package size
Result: NOTE
     installed size is 12.1Mb
     sub-directories of 1Mb or more:
     libs 11.8Mb
Flavors: r-devel-linux-x86_64-fedora-clang, r-release-macos-arm64, r-release-macos-x86_64, r-oldrel-macos-x86_64