CRAN Package Check Results for Package UniprotR

Last updated on 2024-06-13 06:58:22 CEST.

Flavor Version Tinstall Tcheck Ttotal Status Flags
r-devel-linux-x86_64-debian-clang 2.4.0 44.29 405.36 449.65 OK
r-devel-linux-x86_64-debian-gcc 2.4.0 0.44 1.71 2.15 ERROR
r-devel-linux-x86_64-fedora-clang 2.4.0 578.38 OK
r-devel-linux-x86_64-fedora-gcc 2.4.0 391.62 OK
r-devel-windows-x86_64 2.4.0 44.00 276.00 320.00 OK
r-patched-linux-x86_64 2.4.0 42.89 392.76 435.65 OK
r-release-linux-x86_64 2.4.0 44.76 391.70 436.46 OK
r-release-macos-arm64 2.4.0 166.00 OK
r-release-macos-x86_64 2.4.0 228.00 OK
r-release-windows-x86_64 2.4.0 39.00 277.00 316.00 OK
r-oldrel-macos-arm64 2.4.0 115.00 OK
r-oldrel-macos-x86_64 2.4.0 160.00 OK
r-oldrel-windows-x86_64 2.4.0 58.00 401.00 459.00 OK

Check Details

Version: 2.4.0
Check: package dependencies
Result: ERROR Packages required but not available: 'dplyr', 'magick', 'ggplot2', 'tidyverse', 'ggpubr', 'networkD3', 'stringr', 'alakazam', 'gprofiler2', 'progress', 'ggsci' See section ‘The DESCRIPTION file’ in the ‘Writing R Extensions’ manual. Flavor: r-devel-linux-x86_64-debian-gcc