CRAN Package Check Results for Package VARDetect

Last updated on 2021-11-30 05:53:36 CET.

Flavor Version Tinstall Tcheck Ttotal Status Flags
r-devel-linux-x86_64-debian-clang 0.1.5 52.88 84.82 137.70 OK
r-devel-linux-x86_64-debian-gcc 0.1.5 38.91 61.30 100.21 OK
r-devel-linux-x86_64-fedora-clang 0.1.5 196.27 OK
r-devel-linux-x86_64-fedora-gcc 0.1.5 169.65 OK
r-devel-windows-x86_64-new-UL 0.1.5 76.00 145.00 221.00 OK
r-devel-windows-x86_64-new-TK 0.1.5 OK
r-devel-windows-x86_64-old 0.1.5 67.00 88.00 155.00 OK
r-patched-linux-x86_64 0.1.5 43.91 78.86 122.77 OK
r-patched-solaris-x86 0.1.5 197.90 OK
r-release-linux-x86_64 0.1.5 44.76 78.61 123.37 OK
r-release-macos-arm64 0.1.5 NOTE
r-release-macos-x86_64 0.1.5 OK
r-release-windows-ix86+x86_64 0.1.5 117.00 152.00 269.00 OK
r-oldrel-macos-x86_64 0.1.5 OK
r-oldrel-windows-ix86+x86_64 0.1.5 86.00 138.00 224.00 OK

Check Details

Version: 0.1.5
Check: installed package size
Result: NOTE
     installed size is 5.7Mb
     sub-directories of 1Mb or more:
     libs 5.2Mb
Flavor: r-release-macos-arm64