CRAN Package Check Results for Package VARtests

Last updated on 2021-01-15 05:49:08 CET.

Flavor Version Tinstall Tcheck Ttotal Status Flags
r-devel-linux-x86_64-debian-clang 2.0.5 107.06 44.45 151.51 OK
r-devel-linux-x86_64-debian-gcc 2.0.5 71.73 34.02 105.75 OK
r-devel-linux-x86_64-fedora-clang 2.0.5 223.19 NOTE
r-devel-linux-x86_64-fedora-gcc 2.0.5 193.64 OK
r-devel-windows-ix86+x86_64 2.0.5 242.00 97.00 339.00 OK
r-patched-linux-x86_64 2.0.5 87.22 41.73 128.95 OK
r-patched-solaris-x86 2.0.5 173.70 OK
r-release-linux-x86_64 2.0.5 81.33 41.78 123.11 OK
r-release-macos-x86_64 2.0.5 NOTE
r-release-windows-ix86+x86_64 2.0.5 246.00 75.00 321.00 OK
r-oldrel-macos-x86_64 2.0.5 NOTE
r-oldrel-windows-ix86+x86_64 2.0.5 162.00 60.00 222.00 OK

Check Details

Version: 2.0.5
Check: installed package size
Result: NOTE
     installed size is 6.6Mb
     sub-directories of 1Mb or more:
     libs 6.3Mb
Flavors: r-devel-linux-x86_64-fedora-clang, r-release-macos-x86_64, r-oldrel-macos-x86_64

Version: 2.0.5
Check: Rd cross-references
Result: NOTE
    Undeclared package ‘vars’ in Rd xrefs
Flavor: r-devel-linux-x86_64-fedora-clang