CRAN Package Check Results for Package VDAP

Last updated on 2023-01-29 05:49:51 CET.

Flavor Version Tinstall Tcheck Ttotal Status Flags
r-devel-linux-x86_64-debian-clang 2.0.0 11.35 106.17 117.52 NOTE
r-devel-linux-x86_64-debian-gcc 2.0.0 10.73 80.14 90.87 NOTE
r-devel-linux-x86_64-fedora-clang 2.0.0 148.54 NOTE
r-devel-linux-x86_64-fedora-gcc 2.0.0 147.74 NOTE
r-devel-windows-x86_64 2.0.0 19.00 138.00 157.00 NOTE
r-patched-linux-x86_64 2.0.0 8.40 101.27 109.67 NOTE
r-release-linux-x86_64 2.0.0 12.22 101.00 113.22 NOTE
r-release-macos-arm64 2.0.0 40.00 NOTE
r-release-macos-x86_64 2.0.0 76.00 NOTE
r-release-windows-x86_64 2.0.0 18.00 136.00 154.00 NOTE
r-oldrel-macos-arm64 2.0.0 43.00 NOTE
r-oldrel-macos-x86_64 2.0.0 91.00 NOTE
r-oldrel-windows-ix86+x86_64 2.0.0 29.00 129.00 158.00 NOTE

Check Details

Version: 2.0.0
Check: LazyData
Result: NOTE
     'LazyData' is specified without a 'data' directory
Flavors: r-devel-linux-x86_64-debian-clang, r-devel-linux-x86_64-debian-gcc, r-devel-linux-x86_64-fedora-clang, r-devel-linux-x86_64-fedora-gcc, r-devel-windows-x86_64, r-patched-linux-x86_64, r-release-linux-x86_64, r-release-macos-arm64, r-release-macos-x86_64, r-release-windows-x86_64, r-oldrel-macos-arm64, r-oldrel-macos-x86_64, r-oldrel-windows-ix86+x86_64