CRAN Package Check Results for Package VIRF

Last updated on 2024-07-21 06:52:34 CEST.

Flavor Version Tinstall Tcheck Ttotal Status Flags
r-devel-linux-x86_64-debian-clang 0.1.0 17.51 129.99 147.50 NOTE
r-devel-linux-x86_64-debian-gcc 0.1.0 12.28 102.27 114.55 NOTE
r-devel-linux-x86_64-fedora-clang 0.1.0 182.55 NOTE
r-devel-linux-x86_64-fedora-gcc 0.1.0 174.98 NOTE
r-devel-windows-x86_64 0.1.0 16.00 105.00 121.00 NOTE
r-patched-linux-x86_64 0.1.0 12.67 129.00 141.67 NOTE
r-release-linux-x86_64 0.1.0 13.59 126.88 140.47 NOTE
r-release-macos-arm64 0.1.0 46.00 NOTE
r-release-macos-x86_64 0.1.0 75.00 NOTE
r-release-windows-x86_64 0.1.0 15.00 110.00 125.00 NOTE
r-oldrel-macos-arm64 0.1.0 58.00 NOTE
r-oldrel-macos-x86_64 0.1.0 98.00 NOTE
r-oldrel-windows-x86_64 0.1.0 19.00 132.00 151.00 NOTE

Check Details

Version: 0.1.0
Check: LazyData
Result: NOTE 'LazyData' is specified without a 'data' directory Flavors: r-devel-linux-x86_64-debian-clang, r-devel-linux-x86_64-debian-gcc, r-devel-linux-x86_64-fedora-clang, r-devel-linux-x86_64-fedora-gcc, r-devel-windows-x86_64, r-patched-linux-x86_64, r-release-linux-x86_64, r-release-macos-arm64, r-release-macos-x86_64, r-release-windows-x86_64, r-oldrel-macos-arm64, r-oldrel-macos-x86_64, r-oldrel-windows-x86_64