CRAN Package Check Results for Package VWPre

Last updated on 2021-10-16 05:51:41 CEST.

Flavor Version Tinstall Tcheck Ttotal Status Flags
r-devel-linux-x86_64-debian-clang 1.2.4 11.02 105.89 116.91 OK
r-devel-linux-x86_64-debian-gcc 1.2.4 7.48 77.10 84.58 OK
r-devel-linux-x86_64-fedora-clang 1.2.4 146.69 NOTE
r-devel-linux-x86_64-fedora-gcc 1.2.4 136.01 OK
r-devel-windows-x86_64 1.2.4 17.00 102.00 119.00 OK
r-devel-windows-x86_64-gcc10-UCRT 1.2.4 OK
r-patched-linux-x86_64 1.2.4 9.93 103.08 113.01 OK
r-patched-solaris-x86 1.2.4 187.30 OK
r-release-linux-x86_64 1.2.4 10.58 103.01 113.59 OK
r-release-macos-arm64 1.2.4 OK
r-release-macos-x86_64 1.2.4 OK
r-release-windows-ix86+x86_64 1.2.4 21.00 145.00 166.00 OK
r-oldrel-macos-x86_64 1.2.4 OK
r-oldrel-windows-ix86+x86_64 1.2.4 23.00 148.00 171.00 OK

Check Details

Version: 1.2.4
Check: Rd cross-references
Result: NOTE
    Undeclared package ‘tibble’ in Rd xrefs
Flavor: r-devel-linux-x86_64-fedora-clang