CRAN Package Check Results for Package VetResearchLMM

Last updated on 2019-12-15 05:47:59 CET.

Flavor Version Tinstall Tcheck Ttotal Status Flags
r-devel-linux-x86_64-debian-clang 1.0.0 9.53 82.87 92.40 OK
r-devel-linux-x86_64-debian-gcc 1.0.0 7.75 64.27 72.02 OK
r-devel-linux-x86_64-fedora-clang 1.0.0 110.89 NOTE
r-devel-linux-x86_64-fedora-gcc 1.0.0 107.70 NOTE
r-devel-windows-ix86+x86_64 1.0.0 24.00 122.00 146.00 OK
r-devel-windows-ix86+x86_64-gcc8 1.0.0 26.00 134.00 160.00 OK
r-patched-linux-x86_64 1.0.0 8.10 71.63 79.73 OK
r-patched-solaris-x86 1.0.0 145.10 NOTE
r-release-linux-x86_64 1.0.0 8.47 71.62 80.09 OK
r-release-windows-ix86+x86_64 1.0.0 16.00 82.00 98.00 OK
r-release-osx-x86_64 1.0.0 NOTE
r-oldrel-windows-ix86+x86_64 1.0.0 12.00 82.00 94.00 OK
r-oldrel-osx-x86_64 1.0.0 NOTE

Check Details

Version: 1.0.0
Check: dependencies in R code
Result: NOTE
    Namespace in Imports field not imported from: ‘nlme’
     All declared Imports should be used.
Flavors: r-devel-linux-x86_64-fedora-clang, r-devel-linux-x86_64-fedora-gcc, r-patched-solaris-x86, r-release-osx-x86_64, r-oldrel-osx-x86_64