CRAN Package Check Results for Package VetResearchLMM

Last updated on 2024-02-25 06:08:44 CET.

Flavor Version Tinstall Tcheck Ttotal Status Flags
r-devel-linux-x86_64-debian-clang 1.0.0 11.46 109.21 120.67 NOTE
r-devel-linux-x86_64-debian-gcc 1.0.0 9.13 80.81 89.94 NOTE
r-devel-linux-x86_64-fedora-clang 1.0.0 147.53 NOTE
r-devel-linux-x86_64-fedora-gcc 1.0.0 138.50 NOTE
r-devel-windows-x86_64 1.0.0 11.00 95.00 106.00 NOTE
r-patched-linux-x86_64 1.0.0 11.46 105.79 117.25 NOTE
r-release-linux-x86_64 1.0.0 10.13 104.66 114.79 NOTE
r-release-macos-arm64 1.0.0 47.00 NOTE
r-release-macos-x86_64 1.0.0 75.00 NOTE
r-release-windows-x86_64 1.0.0 16.00 119.00 135.00 NOTE
r-oldrel-macos-arm64 1.0.0 43.00 NOTE
r-oldrel-windows-x86_64 1.0.0 16.00 117.00 133.00 OK

Check Details

Version: 1.0.0
Check: Rd files
Result: NOTE checkRd: (-1) ex121.Rd:18: Escaped LaTeX specials: \& checkRd: (-1) ex124.Rd:18: Escaped LaTeX specials: \& checkRd: (-1) ex125.Rd:18: Escaped LaTeX specials: \& checkRd: (-1) ex127.Rd:18: Escaped LaTeX specials: \& checkRd: (-1) ex32.Rd:18: Escaped LaTeX specials: \& checkRd: (-1) ex33.Rd:18: Escaped LaTeX specials: \& Flavors: r-devel-linux-x86_64-debian-clang, r-devel-linux-x86_64-debian-gcc, r-devel-linux-x86_64-fedora-clang, r-devel-linux-x86_64-fedora-gcc, r-devel-windows-x86_64, r-patched-linux-x86_64, r-release-linux-x86_64, r-release-macos-arm64, r-release-macos-x86_64, r-release-windows-x86_64

Version: 1.0.0
Check: dependencies in R code
Result: NOTE Namespace in Imports field not imported from: ‘nlme’ All declared Imports should be used. Flavors: r-devel-linux-x86_64-fedora-clang, r-devel-linux-x86_64-fedora-gcc, r-oldrel-macos-arm64