CRAN Package Check Results for Package VetResearchLMM

Last updated on 2023-01-28 05:56:37 CET.

Flavor Version Tinstall Tcheck Ttotal Status Flags
r-devel-linux-x86_64-debian-clang 1.0.0 13.68 112.03 125.71 NOTE
r-devel-linux-x86_64-debian-gcc 1.0.0 10.20 84.55 94.75 NOTE
r-devel-linux-x86_64-fedora-clang 1.0.0 160.83 NOTE
r-devel-linux-x86_64-fedora-gcc 1.0.0 150.83 NOTE
r-devel-windows-x86_64 1.0.0 34.00 142.00 176.00 NOTE
r-patched-linux-x86_64 1.0.0 13.49 109.57 123.06 OK
r-release-linux-x86_64 1.0.0 9.35 109.51 118.86 OK
r-release-macos-arm64 1.0.0 43.00 NOTE
r-release-macos-x86_64 1.0.0 81.00 NOTE
r-release-windows-x86_64 1.0.0 34.00 133.00 167.00 OK
r-oldrel-macos-arm64 1.0.0 48.00 NOTE
r-oldrel-macos-x86_64 1.0.0 65.00 NOTE
r-oldrel-windows-ix86+x86_64 1.0.0 32.00 142.00 174.00 OK

Check Details

Version: 1.0.0
Check: Rd files
Result: NOTE
    checkRd: (-1) ex121.Rd:18: Escaped LaTeX specials: \&
    checkRd: (-1) ex124.Rd:18: Escaped LaTeX specials: \&
    checkRd: (-1) ex125.Rd:18: Escaped LaTeX specials: \&
    checkRd: (-1) ex127.Rd:18: Escaped LaTeX specials: \&
    checkRd: (-1) ex32.Rd:18: Escaped LaTeX specials: \&
    checkRd: (-1) ex33.Rd:18: Escaped LaTeX specials: \&
Flavors: r-devel-linux-x86_64-debian-clang, r-devel-linux-x86_64-debian-gcc, r-devel-linux-x86_64-fedora-clang, r-devel-linux-x86_64-fedora-gcc, r-devel-windows-x86_64

Version: 1.0.0
Check: dependencies in R code
Result: NOTE
    Namespace in Imports field not imported from: ‘nlme’
     All declared Imports should be used.
Flavors: r-devel-linux-x86_64-fedora-clang, r-devel-linux-x86_64-fedora-gcc, r-release-macos-arm64, r-release-macos-x86_64, r-oldrel-macos-arm64, r-oldrel-macos-x86_64