CRAN Package Check Results for Package VetResearchLMM

Last updated on 2019-08-18 05:46:28 CEST.

Flavor Version Tinstall Tcheck Ttotal Status Flags
r-devel-linux-x86_64-debian-clang 1.0.0 8.04 74.96 83.00 OK
r-devel-linux-x86_64-debian-gcc 1.0.0 7.52 57.77 65.29 OK
r-devel-linux-x86_64-fedora-clang 1.0.0 101.77 NOTE
r-devel-linux-x86_64-fedora-gcc 1.0.0 95.55 NOTE
r-devel-windows-ix86+x86_64 1.0.0 32.00 114.00 146.00 OK
r-patched-linux-x86_64 1.0.0 8.22 71.38 79.60 OK
r-patched-solaris-x86 1.0.0 155.50 NOTE
r-release-linux-x86_64 1.0.0 8.26 70.88 79.14 OK
r-release-windows-ix86+x86_64 1.0.0 24.00 128.00 152.00 OK
r-release-osx-x86_64 1.0.0 NOTE
r-oldrel-windows-ix86+x86_64 1.0.0 20.00 130.00 150.00 OK
r-oldrel-osx-x86_64 1.0.0 NOTE

Check Details

Version: 1.0.0
Check: dependencies in R code
Result: NOTE
    Namespace in Imports field not imported from: ‘nlme’
     All declared Imports should be used.
Flavors: r-devel-linux-x86_64-fedora-clang, r-devel-linux-x86_64-fedora-gcc, r-patched-solaris-x86, r-release-osx-x86_64, r-oldrel-osx-x86_64