CRAN Package Check Results for Package ViewPipeSteps

Last updated on 2024-06-15 06:50:00 CEST.

Flavor Version Tinstall Tcheck Ttotal Status Flags
r-devel-linux-x86_64-debian-clang 0.1.0 2.66 22.97 25.63 OK
r-devel-linux-x86_64-debian-gcc 0.1.0 1.83 18.12 19.95 OK
r-devel-linux-x86_64-fedora-clang 0.1.0 32.38 NOTE
r-devel-linux-x86_64-fedora-gcc 0.1.0 30.80 NOTE
r-devel-windows-x86_64 0.1.0 3.00 39.00 42.00 OK
r-patched-linux-x86_64 0.1.0 2.08 22.94 25.02 OK
r-release-linux-x86_64 0.1.0 2.36 22.56 24.92 OK
r-release-macos-arm64 0.1.0 15.00 OK
r-release-macos-x86_64 0.1.0 22.00 OK
r-release-windows-x86_64 0.1.0 4.00 41.00 45.00 OK
r-oldrel-macos-arm64 0.1.0 16.00 OK
r-oldrel-macos-x86_64 0.1.0 20.00 OK
r-oldrel-windows-x86_64 0.1.0 4.00 41.00 45.00 OK

Check Details

Version: 0.1.0
Check: dependencies in R code
Result: NOTE Namespace in Imports field not imported from: ‘dplyr’ All declared Imports should be used. Flavors: r-devel-linux-x86_64-fedora-clang, r-devel-linux-x86_64-fedora-gcc