CRAN Package Check Results for Package WeMix

Last updated on 2022-01-23 05:58:09 CET.

Flavor Version Tinstall Tcheck Ttotal Status Flags
r-devel-linux-x86_64-debian-clang 3.2.1 15.08 339.54 354.62 OK
r-devel-linux-x86_64-debian-gcc 3.2.1 15.29 270.61 285.90 OK
r-devel-linux-x86_64-fedora-clang 3.2.1 423.02 OK
r-devel-linux-x86_64-fedora-gcc 3.2.1 408.01 OK
r-devel-windows-x86_64-new-UL 3.2.1 41.00 368.00 409.00 OK
r-devel-windows-x86_64-new-TK 3.2.1 ERROR
r-patched-linux-x86_64 3.2.1 15.11 329.59 344.70 OK
r-release-linux-x86_64 3.2.1 16.02 331.42 347.44 OK
r-release-macos-arm64 3.2.1 OK
r-release-macos-x86_64 3.2.1 OK
r-release-windows-ix86+x86_64 3.2.1 35.00 383.00 418.00 OK
r-oldrel-macos-x86_64 3.2.1 OK
r-oldrel-windows-ix86+x86_64 3.2.1 36.00 379.00 415.00 OK

Check Details

Version: 3.2.1
Check: package dependencies
Result: ERROR
    Package required but not available: 'lme4'
    
    Package suggested but not available for checking: 'EdSurvey'
    
    See section 'The DESCRIPTION file' in the 'Writing R Extensions'
    manual.
Flavor: r-devel-windows-x86_64-new-TK