CRAN Package Check Results for Package WeibullFit

Last updated on 2020-04-08 05:47:39 CEST.

Flavor Version Tinstall Tcheck Ttotal Status Flags
r-devel-linux-x86_64-debian-clang 0.1.0 6.87 51.06 57.93 OK
r-devel-linux-x86_64-debian-gcc 0.1.0 5.71 40.93 46.64 OK
r-devel-linux-x86_64-fedora-clang 0.1.0 70.33 OK
r-devel-linux-x86_64-fedora-gcc 0.1.0 72.15 OK
r-devel-windows-ix86+x86_64 0.1.0 14.00 71.00 85.00 OK
r-devel-windows-ix86+x86_64-gcc8 0.1.0 12.00 61.00 73.00 OK
r-patched-linux-x86_64 0.1.0 7.10 50.41 57.51 OK
r-patched-solaris-x86 0.1.0 104.70 OK
r-release-linux-x86_64 0.1.0 5.82 46.01 51.83 OK
r-release-windows-ix86+x86_64 0.1.0 13.00 85.00 98.00 OK
r-release-osx-x86_64 0.1.0 OK
r-oldrel-osx-x86_64 0.1.0 ERROR

Check Details

Version: 0.1.0
Check: whether package can be installed
Result: ERROR
    Installation failed.
Flavor: r-oldrel-osx-x86_64