CRAN Package Check Results for Package WeightSVM

Last updated on 2022-01-26 05:54:34 CET.

Flavor Version Tinstall Tcheck Ttotal Status Flags
r-devel-linux-x86_64-debian-clang 1.7-9 6.47 44.33 50.80 OK
r-devel-linux-x86_64-debian-gcc 1.7-9 5.55 35.03 40.58 OK
r-devel-linux-x86_64-fedora-clang 1.7-9 66.37 NOTE
r-devel-linux-x86_64-fedora-gcc 1.7-9 56.55 OK
r-devel-windows-x86_64-new-UL 1.7-9 37.00 79.00 116.00 OK
r-devel-windows-x86_64-new-TK 1.7-9 OK
r-patched-linux-x86_64 1.7-9 6.34 43.39 49.73 OK
r-release-linux-x86_64 1.7-9 5.49 43.44 48.93 OK
r-release-macos-arm64 1.7-9 OK
r-release-macos-x86_64 1.7-9 OK
r-release-windows-ix86+x86_64 1.7-9 18.00 80.00 98.00 OK
r-oldrel-macos-x86_64 1.7-9 OK
r-oldrel-windows-ix86+x86_64 1.7-9 18.00 74.00 92.00 OK

Check Details

Version: 1.7-9
Check: Rd cross-references
Result: NOTE
    Undeclared package ‘slam’ in Rd xrefs
Flavor: r-devel-linux-x86_64-fedora-clang