CRAN Package Check Results for Package WikidataQueryServiceR

Last updated on 2021-05-06 05:47:53 CEST.

Flavor Version Tinstall Tcheck Ttotal Status Flags
r-devel-linux-x86_64-debian-clang 1.0.0 2.15 24.55 26.70 NOTE
r-devel-linux-x86_64-debian-gcc 1.0.0 1.68 19.63 21.31 NOTE
r-devel-linux-x86_64-fedora-clang 1.0.0 42.59 NOTE
r-devel-linux-x86_64-fedora-gcc 1.0.0 32.18 NOTE
r-devel-windows-ix86+x86_64 1.0.0 11.00 40.00 51.00 NOTE
r-devel-windows-x86_64-gcc10-UCRT 1.0.0 NOTE
r-patched-linux-x86_64 1.0.0 2.20 24.16 26.36 NOTE
r-patched-solaris-x86 1.0.0 48.90 OK
r-release-linux-x86_64 1.0.0 2.17 24.14 26.31 OK
r-release-macos-x86_64 1.0.0 OK
r-release-windows-ix86+x86_64 1.0.0 5.00 33.00 38.00 OK
r-oldrel-macos-x86_64 1.0.0 OK
r-oldrel-windows-ix86+x86_64 1.0.0 4.00 40.00 44.00 OK

Check Details

Version: 1.0.0
Check: LazyData
Result: NOTE
     'LazyData' is specified without a 'data' directory
Flavors: r-devel-linux-x86_64-debian-clang, r-devel-linux-x86_64-debian-gcc, r-devel-linux-x86_64-fedora-clang, r-devel-linux-x86_64-fedora-gcc, r-devel-windows-ix86+x86_64, r-devel-windows-x86_64-gcc10-UCRT, r-patched-linux-x86_64