CRAN Package Check Results for Package Xmisc

Last updated on 2021-06-14 05:50:50 CEST.

Flavor Version Tinstall Tcheck Ttotal Status Flags
r-devel-linux-x86_64-debian-clang 0.2.1 4.53 48.53 53.06 NOTE
r-devel-linux-x86_64-debian-gcc 0.2.1 3.78 37.77 41.55 NOTE
r-devel-linux-x86_64-fedora-clang 0.2.1 70.97 NOTE
r-devel-linux-x86_64-fedora-gcc 0.2.1 61.09 NOTE
r-devel-windows-x86_64 0.2.1 10.00 140.00 150.00 NOTE
r-devel-windows-x86_64-gcc10-UCRT 0.2.1 NOTE
r-patched-linux-x86_64 0.2.1 4.96 46.41 51.37 NOTE
r-patched-solaris-x86 0.2.1 91.70 NOTE
r-release-linux-x86_64 0.2.1 4.67 46.65 51.32 NOTE
r-release-macos-arm64 0.2.1 NOTE
r-release-macos-x86_64 0.2.1 NOTE
r-release-windows-ix86+x86_64 0.2.1 10.00 63.00 73.00 NOTE
r-oldrel-macos-x86_64 0.2.1 NOTE
r-oldrel-windows-ix86+x86_64 0.2.1 9.00 136.00 145.00 NOTE

Check Details

Version: 0.2.1
Check: R code for possible problems
Result: NOTE
    R5.value.default: no visible binding for global variable 'data.table'
    R5.value.default: no visible global function definition for
     'as.data.table'
    R5.value.parse: no visible binding for global variable 'data.table'
    R5.value.parse: no visible global function definition for
     'is.data.table'
    R5.value.parse: no visible global function definition for
     'as.data.table'
    stampme: no visible global function definition for 'flush.console'
    stampmsg: no visible global function definition for 'flush.console'
    write.data.table: no visible global function definition for
     'write.table'
    Undefined global functions or variables:
     as.data.table data.table flush.console is.data.table write.table
    Consider adding
     importFrom("utils", "flush.console", "write.table")
    to your NAMESPACE file.
Flavors: r-devel-linux-x86_64-debian-clang, r-devel-linux-x86_64-debian-gcc, r-devel-linux-x86_64-fedora-clang, r-devel-linux-x86_64-fedora-gcc, r-devel-windows-x86_64, r-devel-windows-x86_64-gcc10-UCRT, r-patched-linux-x86_64, r-patched-solaris-x86, r-release-linux-x86_64, r-release-macos-arm64, r-release-macos-x86_64, r-release-windows-ix86+x86_64, r-oldrel-macos-x86_64, r-oldrel-windows-ix86+x86_64