CRAN Package Check Results for Package Xplortext

Last updated on 2023-01-29 05:49:52 CET.

Flavor Version Tinstall Tcheck Ttotal Status Flags
r-devel-linux-x86_64-debian-clang 1.5.1 27.02 190.46 217.48 OK
r-devel-linux-x86_64-debian-gcc 1.5.1 21.91 138.31 160.22 OK
r-devel-linux-x86_64-fedora-clang 1.5.1 265.51 OK
r-devel-linux-x86_64-fedora-gcc 1.5.1 253.87 OK
r-devel-windows-x86_64 1.5.1 35.00 212.00 247.00 OK
r-patched-linux-x86_64 1.5.1 18.81 179.01 197.82 OK
r-release-linux-x86_64 1.5.1 24.65 178.88 203.53 OK
r-release-macos-arm64 1.5.1 49.00 OK
r-release-macos-x86_64 1.5.1 90.00 OK
r-release-windows-x86_64 1.5.1 37.00 206.00 243.00 OK
r-oldrel-macos-arm64 1.4.1 58.00 NOTE
r-oldrel-macos-x86_64 1.4.1 93.00 NOTE
r-oldrel-windows-ix86+x86_64 1.4.1 41.00 153.00 194.00 OK

Check Details

Version: 1.4.1
Check: dependencies in R code
Result: NOTE
    Namespace in Imports field not imported from: ‘ggdendro’
     All declared Imports should be used.
Flavors: r-oldrel-macos-arm64, r-oldrel-macos-x86_64