CRAN Package Check Results for Package aPCoA

Last updated on 2021-09-21 05:50:53 CEST.

Flavor Version Tinstall Tcheck Ttotal Status Flags
r-devel-linux-x86_64-debian-clang 1.2 10.48 92.31 102.79 OK
r-devel-linux-x86_64-debian-gcc 1.2 9.71 68.59 78.30 OK
r-devel-linux-x86_64-fedora-clang 1.2 130.31 OK
r-devel-linux-x86_64-fedora-gcc 1.2 116.69 OK
r-devel-windows-x86_64 1.2 14.00 87.00 101.00 OK
r-devel-windows-x86_64-gcc10-UCRT 1.2 ERROR
r-patched-linux-x86_64 1.2 9.95 85.09 95.04 OK
r-patched-solaris-x86 1.2 175.10 OK
r-release-linux-x86_64 1.2 9.67 85.45 95.12 OK
r-release-macos-arm64 1.2 OK
r-release-macos-x86_64 1.2 OK
r-release-windows-ix86+x86_64 1.2 29.00 118.00 147.00 OK
r-oldrel-macos-x86_64 1.2 OK
r-oldrel-windows-ix86+x86_64 1.2 28.00 91.00 119.00 OK

Check Details

Version: 1.2
Check: whether package can be installed
Result: WARN
    Found the following significant warnings:
     WARNING: installation-time patches will not be applied, could not get the patches index
Flavor: r-devel-windows-x86_64-gcc10-UCRT

Version: 1.2
Check: PDF version of manual
Result: WARN
    LaTeX errors when creating PDF version.
    This typically indicates Rd problems.
Flavor: r-devel-windows-x86_64-gcc10-UCRT

Version: 1.2
Check: PDF version of manual without hyperrefs or index
Result: ERROR
    Re-running with no redirection of stdout/stderr.
Flavor: r-devel-windows-x86_64-gcc10-UCRT