CRAN Package Check Results for Package abmR

Last updated on 2024-06-20 06:57:06 CEST.

Flavor Version Tinstall Tcheck Ttotal Status Flags
r-devel-linux-x86_64-debian-clang 1.0.10 40.88 406.81 447.69 NOTE
r-devel-linux-x86_64-debian-gcc 1.0.10 35.22 286.75 321.97 NOTE
r-devel-linux-x86_64-fedora-clang 1.0.10 555.23 NOTE
r-devel-linux-x86_64-fedora-gcc 1.0.10 544.10 NOTE
r-devel-windows-x86_64 1.0.10 34.00 242.00 276.00 NOTE
r-patched-linux-x86_64 1.0.10 38.82 392.77 431.59 NOTE
r-release-linux-x86_64 1.0.10 35.39 390.04 425.43 NOTE
r-release-macos-arm64 1.0.10 139.00 NOTE
r-release-macos-x86_64 1.0.10 207.00 NOTE
r-release-windows-x86_64 1.0.10 35.00 243.00 278.00 NOTE
r-oldrel-macos-arm64 1.0.10 103.00 OK
r-oldrel-macos-x86_64 1.0.10 207.00 OK
r-oldrel-windows-x86_64 1.0.10 47.00 342.00 389.00 OK

Check Details

Version: 1.0.10
Check: Rd files
Result: NOTE checkRd: (-1) get_ex_data.Rd:31-32: Lost braces in \itemize; meant \describe ? checkRd: (-1) get_ex_data.Rd:33: Lost braces in \itemize; meant \describe ? checkRd: (-1) get_ex_data.Rd:34-35: Lost braces in \itemize; meant \describe ? checkRd: (-1) get_ex_data.Rd:36: Lost braces in \itemize; meant \describe ? checkRd: (-1) tidy_results.Rd:28-29: Lost braces in \itemize; meant \describe ? checkRd: (-1) tidy_results.Rd:30: Lost braces in \itemize; meant \describe ? Flavors: r-devel-linux-x86_64-debian-clang, r-devel-linux-x86_64-debian-gcc, r-devel-linux-x86_64-fedora-clang, r-devel-linux-x86_64-fedora-gcc, r-devel-windows-x86_64, r-patched-linux-x86_64, r-release-linux-x86_64, r-release-macos-arm64, r-release-macos-x86_64, r-release-windows-x86_64