CRAN Package Check Results for Package abmR

Last updated on 2021-10-21 05:50:50 CEST.

Flavor Version Tinstall Tcheck Ttotal Status Flags
r-devel-linux-x86_64-debian-clang 1.0.4 32.38 315.91 348.29 OK
r-devel-linux-x86_64-debian-gcc 1.0.4 28.11 237.59 265.70 OK
r-devel-linux-x86_64-fedora-clang 1.0.4 454.92 OK
r-devel-linux-x86_64-fedora-gcc 1.0.4 443.16 OK
r-devel-windows-x86_64 1.0.4 42.00 399.00 441.00 OK
r-devel-windows-x86_64-gcc10-UCRT 1.0.4 ERROR
r-patched-solaris-x86 1.0.4 508.50 ERROR
r-release-linux-x86_64 1.0.4 29.83 302.73 332.56 OK
r-release-macos-arm64 1.0.2 NOTE
r-release-macos-x86_64 1.0.4 OK
r-oldrel-macos-x86_64 1.0.4 OK

Check Details

Version: 1.0.4
Check: package dependencies
Result: ERROR
    Package required but not available: 'swfscMisc'
    
    See section 'The DESCRIPTION file' in the 'Writing R Extensions'
    manual.
Flavor: r-devel-windows-x86_64-gcc10-UCRT

Version: 1.0.4
Check: examples
Result: ERROR
    Running examples in ‘abmR-Ex.R’ failed
    The error most likely occurred in:
    
    > ### Name: moveSIM
    > ### Title: Runs agent-based model (ABM) movement simulations based on
    > ### environmental data
    > ### Aliases: moveSIM
    >
    > ### ** Examples
    >
    > # Define species object
    > pop1 <- as.species(
    + x = -98.7, y = 34.7, morphpar1 = 15, morphpar1mean = 16, morphpar1sd = 2,
    + morphpar1sign = "Pos", morphpar2 = 19, morphpar2mean = 18, morphpar2sd = 1,
    + morphpar2sign = "Pos")
    >
    > # Run function
    > EX2 <- moveSIM(
    + replicates = 3, days = 10, env_rast = ex_raster, search_radius = 300,
    + sigma = .1, dest_x = -108.6, dest_y = 26.2, mot_x = .8, mot_y = .8,
    + modeled_species = pop1, optimum = .6, n_failures = 5, fail_thresh = .40,
    + direction = "S", write_results = FALSE, single_rast = TRUE, mortality = TRUE)
    Error in over(pt, sps, fn = NULL) : identicalCRS(x, y) is not TRUE
    Calls: moveSIM -> moveSIM_helper -> over -> over -> stopifnot
    Execution halted
Flavor: r-patched-solaris-x86

Version: 1.0.2
Check: dependencies in R code
Result: NOTE
    Namespace in Imports field not imported from: ‘rgeos’
     All declared Imports should be used.
Flavor: r-release-macos-arm64