CRAN Package Check Results for Package abn

Last updated on 2021-10-22 05:59:37 CEST.

Flavor Version Tinstall Tcheck Ttotal Status Flags
r-devel-linux-x86_64-debian-clang 2.5-0 173.52 171.71 345.23 WARN
r-devel-linux-x86_64-debian-gcc 2.5-0 131.14 133.26 264.40 WARN
r-devel-linux-x86_64-fedora-clang 2.5-0 696.52 WARN
r-devel-linux-x86_64-fedora-gcc 2.5-0 645.25 WARN
r-devel-windows-x86_64 2.5-0 243.00 225.00 468.00 OK
r-devel-windows-x86_64-gcc10-UCRT 2.5-0 NOTE
r-patched-linux-x86_64 2.5-0 157.25 166.73 323.98 WARN
r-patched-solaris-x86 2.5-0 569.00 NOTE
r-release-linux-x86_64 2.5-0 155.06 169.35 324.41 WARN
r-release-macos-arm64 2.5-0 NOTE
r-release-macos-x86_64 2.5-0 NOTE
r-release-windows-ix86+x86_64 2.5-0 337.00 346.00 683.00 NOTE
r-oldrel-macos-x86_64 2.5-0 NOTE
r-oldrel-windows-ix86+x86_64 2.5-0 483.00 364.00 847.00 NOTE

Check Details

Version: 2.5-0
Check: package dependencies
Result: NOTE
    Package suggested but not available for checking: 'INLA'
Flavors: r-devel-linux-x86_64-debian-clang, r-devel-linux-x86_64-debian-gcc, r-devel-windows-x86_64-gcc10-UCRT, r-patched-linux-x86_64, r-patched-solaris-x86, r-release-linux-x86_64, r-release-macos-arm64, r-release-macos-x86_64, r-oldrel-macos-x86_64

Version: 2.5-0
Check: top-level files
Result: WARN
     Output from running autoreconf:
     configure.ac:20: warning: AC_OUTPUT should be used without arguments.
     configure.ac:20: You should run autoupdate.
Flavors: r-devel-linux-x86_64-debian-clang, r-devel-linux-x86_64-debian-gcc, r-patched-linux-x86_64, r-release-linux-x86_64

Version: 2.5-0
Check: installed package size
Result: NOTE
     installed size is 9.2Mb
     sub-directories of 1Mb or more:
     libs 6.2Mb
Flavors: r-devel-linux-x86_64-fedora-clang, r-release-macos-arm64, r-release-macos-x86_64, r-release-windows-ix86+x86_64, r-oldrel-macos-x86_64, r-oldrel-windows-ix86+x86_64

Version: 2.5-0
Check: top-level files
Result: WARN
     Output from running autoreconf:
     configure.ac:20: warning: AC_OUTPUT should be used without arguments.
     configure.ac:20: You should run autoupdate.
     configure.ac:20: warning: AC_OUTPUT should be used without arguments.
     configure.ac:20: You should run autoupdate.
Flavors: r-devel-linux-x86_64-fedora-clang, r-devel-linux-x86_64-fedora-gcc