CRAN Package Check Results for Package abstr

Last updated on 2021-10-24 05:54:57 CEST.

Flavor Version Tinstall Tcheck Ttotal Status Flags
r-devel-linux-x86_64-debian-clang 0.4.0 3.38 51.86 55.24 OK
r-devel-linux-x86_64-debian-gcc 0.4.0 2.58 38.19 40.77 WARN
r-devel-linux-x86_64-fedora-gcc 0.4.0 66.07 WARN
r-devel-windows-x86_64 0.4.0 5.00 91.00 96.00 OK
r-devel-windows-x86_64-gcc10-UCRT 0.4.0 NOTE
r-patched-linux-x86_64 0.4.0 3.22 53.42 56.64 OK
r-patched-solaris-x86 0.4.0 94.00 WARN
r-release-linux-x86_64 0.4.0 2.97 51.41 54.38 WARN
r-release-macos-arm64 0.3.0 NOTE
r-release-macos-x86_64 0.4.0 NOTE
r-release-windows-ix86+x86_64 0.3.0 6.00 56.00 62.00 OK
r-oldrel-macos-x86_64 0.4.0 NOTE
r-oldrel-windows-ix86+x86_64 0.4.0 5.00 64.00 69.00 OK

Additional issues

M1mac

Check Details

Version: 0.4.0
Check: package dependencies
Result: NOTE
    Package suggested but not available for checking: ‘pct’
Flavors: r-devel-linux-x86_64-debian-gcc, r-devel-linux-x86_64-fedora-gcc, r-patched-solaris-x86, r-release-linux-x86_64

Version: 0.4.0
Check: re-building of vignette outputs
Result: WARN
    Error(s) in re-building vignettes:
     ...
    --- re-building ‘abstr.Rmd’ using rmarkdown
    Warning in st_centroid.sf(origin_buildings) :
     st_centroid assumes attributes are constant over geometries of x
    Warning in st_centroid.sf(destination_buildings) :
     st_centroid assumes attributes are constant over geometries of x
    0 origins with no match in zone ids
    0 destinations with no match in zone ids
     points not in od data removed.
    Linking to GEOS 3.9.1, GDAL 3.3.2, PROJ 7.2.1
    --- finished re-building ‘abstr.Rmd’
    
    --- re-building ‘activity.Rmd’ using rmarkdown
    --- finished re-building ‘activity.Rmd’
    
    --- re-building ‘montlake.Rmd’ using rmarkdown
    --- finished re-building ‘montlake.Rmd’
    
    --- re-building ‘pct_to_abstr.Rmd’ using rmarkdown
    Quitting from lines 74-75 (pct_to_abstr.Rmd)
    Error: processing vignette ‘pct_to_abstr.Rmd’ failed with diagnostics:
    there is no package called 'pct'
    --- failed re-building ‘pct_to_abstr.Rmd’
    
    SUMMARY: processing the following file failed:
     ‘pct_to_abstr.Rmd’
    
    Error: Vignette re-building failed.
    Execution halted
Flavors: r-devel-linux-x86_64-debian-gcc, r-release-linux-x86_64

Version: 0.4.0
Check: dependencies in R code
Result: NOTE
    Namespace in Imports field not imported from: ‘tibble’
     All declared Imports should be used.
Flavors: r-devel-linux-x86_64-fedora-gcc, r-devel-windows-x86_64-gcc10-UCRT, r-patched-solaris-x86, r-release-macos-x86_64, r-oldrel-macos-x86_64

Version: 0.4.0
Check: re-building of vignette outputs
Result: WARN
    Error(s) in re-building vignettes:
    --- re-building ‘abstr.Rmd’ using rmarkdown
    Warning in st_centroid.sf(origin_buildings) :
     st_centroid assumes attributes are constant over geometries of x
    Warning in st_centroid.sf(destination_buildings) :
     st_centroid assumes attributes are constant over geometries of x
    0 origins with no match in zone ids
    0 destinations with no match in zone ids
     points not in od data removed.
    Linking to GEOS 3.8.1, GDAL 3.0.4, PROJ 6.3.2
    --- finished re-building ‘abstr.Rmd’
    
    --- re-building ‘activity.Rmd’ using rmarkdown
    --- finished re-building ‘activity.Rmd’
    
    --- re-building ‘montlake.Rmd’ using rmarkdown
    --- finished re-building ‘montlake.Rmd’
    
    --- re-building ‘pct_to_abstr.Rmd’ using rmarkdown
    Quitting from lines 74-75 (pct_to_abstr.Rmd)
    Error: processing vignette 'pct_to_abstr.Rmd' failed with diagnostics:
    there is no package called 'pct'
    --- failed re-building ‘pct_to_abstr.Rmd’
    
    SUMMARY: processing the following file failed:
     ‘pct_to_abstr.Rmd’
    
    Error: Vignette re-building failed.
    Execution halted
Flavor: r-devel-linux-x86_64-fedora-gcc

Version: 0.4.0
Check: re-building of vignette outputs
Result: WARN
    Error(s) in re-building vignettes:
     ...
    --- re-building ‘abstr.Rmd’ using rmarkdown
    Pandoc is required to build R Markdown vignettes but not available. Please make sure it is installed.
    Warning in st_centroid.sf(origin_buildings) :
     st_centroid assumes attributes are constant over geometries of x
    Warning in st_centroid.sf(destination_buildings) :
     st_centroid assumes attributes are constant over geometries of x
    0 origins with no match in zone ids
    0 destinations with no match in zone ids
     points not in od data removed.
    Linking to GEOS 3.9.1, GDAL 2.4.4, PROJ 5.2.0
    --- finished re-building ‘abstr.Rmd’
    
    --- re-building ‘activity.Rmd’ using rmarkdown
    Pandoc is required to build R Markdown vignettes but not available. Please make sure it is installed.
    --- finished re-building ‘activity.Rmd’
    
    --- re-building ‘montlake.Rmd’ using rmarkdown
    Pandoc is required to build R Markdown vignettes but not available. Please make sure it is installed.
    --- finished re-building ‘montlake.Rmd’
    
    --- re-building ‘pct_to_abstr.Rmd’ using rmarkdown
    Pandoc is required to build R Markdown vignettes but not available. Please make sure it is installed.
    Quitting from lines 74-75 (pct_to_abstr.Rmd)
    Error: processing vignette 'pct_to_abstr.Rmd' failed with diagnostics:
    there is no package called 'pct'
    --- failed re-building ‘pct_to_abstr.Rmd’
    
    SUMMARY: processing the following file failed:
     ‘pct_to_abstr.Rmd’
    
    Error: Vignette re-building failed.
    Execution halted
Flavor: r-patched-solaris-x86

Version: 0.3.0
Check: dependencies in R code
Result: NOTE
    Namespace in Imports field not imported from: ‘stplanr’
     All declared Imports should be used.
Flavor: r-release-macos-arm64