CRAN Package Check Results for Package abstr

Last updated on 2024-06-14 06:53:27 CEST.

Flavor Version Tinstall Tcheck Ttotal Status Flags
r-devel-linux-x86_64-debian-clang 0.4.1 4.16 72.00 76.16 OK
r-devel-linux-x86_64-debian-gcc 0.4.1 2.53 52.64 55.17 OK
r-devel-linux-x86_64-fedora-clang 0.4.1 95.14 NOTE
r-devel-linux-x86_64-fedora-gcc 0.4.1 105.38 NOTE
r-devel-windows-x86_64 0.4.1 6.00 78.00 84.00 OK
r-patched-linux-x86_64 0.4.1 2.80 68.52 71.32 OK
r-release-linux-x86_64 0.4.1 2.57 67.60 70.17 OK
r-release-macos-arm64 0.4.1 54.00 OK
r-release-macos-x86_64 0.4.1 78.00 OK
r-release-windows-x86_64 0.4.1 6.00 79.00 85.00 OK
r-oldrel-macos-arm64 0.4.1 51.00 OK
r-oldrel-macos-x86_64 0.4.1 59.00 OK
r-oldrel-windows-x86_64 0.4.1 6.00 88.00 94.00 OK

Check Details

Version: 0.4.1
Check: dependencies in R code
Result: NOTE Namespace in Imports field not imported from: ‘tibble’ All declared Imports should be used. Flavors: r-devel-linux-x86_64-fedora-clang, r-devel-linux-x86_64-fedora-gcc