CRAN Package Check Results for Package abstractr

Last updated on 2021-12-05 05:52:39 CET.

Flavor Version Tinstall Tcheck Ttotal Status Flags
r-devel-linux-x86_64-debian-clang 0.1.0 5.51 70.09 75.60 NOTE
r-devel-linux-x86_64-debian-gcc 0.1.0 4.07 53.39 57.46 NOTE
r-devel-linux-x86_64-fedora-clang 0.1.0 93.04 NOTE
r-devel-linux-x86_64-fedora-gcc 0.1.0 79.56 NOTE
r-devel-windows-x86_64-new-UL 0.1.0 14.00 116.00 130.00 NOTE
r-devel-windows-x86_64-new-TK 0.1.0 NOTE
r-devel-windows-x86_64-old 0.1.0 12.00 65.00 77.00 NOTE
r-patched-linux-x86_64 0.1.0 5.72 56.89 62.61 NOTE
r-release-linux-x86_64 0.1.0 5.79 64.60 70.39 NOTE
r-release-macos-arm64 0.1.0 NOTE
r-release-macos-x86_64 0.1.0 NOTE
r-release-windows-ix86+x86_64 0.1.0 16.00 90.00 106.00 NOTE
r-oldrel-macos-x86_64 0.1.0 OK
r-oldrel-windows-ix86+x86_64 0.1.0 17.00 84.00 101.00 OK

Check Details

Version: 0.1.0
Check: LazyData
Result: NOTE
     'LazyData' is specified without a 'data' directory
Flavors: r-devel-linux-x86_64-debian-clang, r-devel-linux-x86_64-debian-gcc, r-devel-linux-x86_64-fedora-clang, r-devel-linux-x86_64-fedora-gcc, r-devel-windows-x86_64-new-UL, r-devel-windows-x86_64-new-TK, r-devel-windows-x86_64-old, r-patched-linux-x86_64, r-release-linux-x86_64, r-release-macos-arm64, r-release-macos-x86_64, r-release-windows-ix86+x86_64