CRAN Package Check Results for Package accSDA

Last updated on 2019-12-15 05:47:31 CET.

Flavor Version Tinstall Tcheck Ttotal Status Flags
r-devel-linux-x86_64-debian-clang 1.0.0 4.41 35.06 39.47 OK
r-devel-linux-x86_64-debian-gcc 1.0.0 4.01 27.00 31.01 OK
r-devel-linux-x86_64-fedora-clang 1.0.0 49.12 NOTE
r-devel-linux-x86_64-fedora-gcc 1.0.0 47.70 NOTE
r-devel-windows-ix86+x86_64 1.0.0 10.00 67.00 77.00 OK
r-devel-windows-ix86+x86_64-gcc8 1.0.0 14.00 67.00 81.00 OK
r-patched-linux-x86_64 1.0.0 4.64 32.18 36.82 OK
r-patched-solaris-x86 1.0.0 62.80 NOTE
r-release-linux-x86_64 1.0.0 4.65 32.32 36.97 OK
r-release-windows-ix86+x86_64 1.0.0 9.00 45.00 54.00 OK
r-release-osx-x86_64 1.0.0 NOTE
r-oldrel-windows-ix86+x86_64 1.0.0 5.00 43.00 48.00 OK
r-oldrel-osx-x86_64 1.0.0 NOTE

Check Details

Version: 1.0.0
Check: dependencies in R code
Result: NOTE
    Namespaces in Imports field not imported from:
     ‘rARPACK’ ‘sparseLDA’
     All declared Imports should be used.
Flavors: r-devel-linux-x86_64-fedora-clang, r-devel-linux-x86_64-fedora-gcc, r-patched-solaris-x86, r-release-osx-x86_64, r-oldrel-osx-x86_64