CRAN Package Check Results for Package accSDA

Last updated on 2019-08-19 05:46:18 CEST.

Flavor Version Tinstall Tcheck Ttotal Status Flags
r-devel-linux-x86_64-debian-clang 1.0.0 4.79 33.01 37.80 OK
r-devel-linux-x86_64-debian-gcc 1.0.0 3.63 26.62 30.25 OK
r-devel-linux-x86_64-fedora-clang 1.0.0 46.61 NOTE
r-devel-linux-x86_64-fedora-gcc 1.0.0 44.28 NOTE
r-devel-windows-ix86+x86_64 1.0.0 12.00 63.00 75.00 OK
r-patched-linux-x86_64 1.0.0 4.06 33.17 37.23 OK
r-patched-solaris-x86 1.0.0 66.70 NOTE
r-release-linux-x86_64 1.0.0 3.90 33.03 36.93 OK
r-release-windows-ix86+x86_64 1.0.0 8.00 42.00 50.00 OK
r-release-osx-x86_64 1.0.0 NOTE
r-oldrel-windows-ix86+x86_64 1.0.0 8.00 62.00 70.00 OK
r-oldrel-osx-x86_64 1.0.0 NOTE

Check Details

Version: 1.0.0
Check: dependencies in R code
Result: NOTE
    Namespaces in Imports field not imported from:
     ‘rARPACK’ ‘sparseLDA’
     All declared Imports should be used.
Flavors: r-devel-linux-x86_64-fedora-clang, r-devel-linux-x86_64-fedora-gcc, r-patched-solaris-x86, r-release-osx-x86_64, r-oldrel-osx-x86_64