CRAN Package Check Results for Package ace2fastq

Last updated on 2024-06-22 06:50:37 CEST.

Flavor Version Tinstall Tcheck Ttotal Status Flags
r-devel-linux-x86_64-debian-clang 0.6.0 2.23 37.13 39.36 NOTE
r-devel-linux-x86_64-debian-gcc 0.6.0 2.64 28.35 30.99 NOTE
r-devel-linux-x86_64-fedora-clang 0.6.0 51.48 NOTE
r-devel-linux-x86_64-fedora-gcc 0.6.0 62.15 NOTE
r-devel-windows-x86_64 0.6.0 4.00 48.00 52.00 NOTE
r-patched-linux-x86_64 0.6.0 3.46 36.20 39.66 NOTE
r-release-linux-x86_64 0.6.0 3.12 36.01 39.13 NOTE
r-release-macos-arm64 0.6.0 25.00 NOTE
r-release-macos-x86_64 0.6.0 41.00 NOTE
r-release-windows-x86_64 0.6.0 5.00 50.00 55.00 NOTE
r-oldrel-macos-arm64 0.6.0 26.00 NOTE
r-oldrel-macos-x86_64 0.6.0 36.00 NOTE
r-oldrel-windows-x86_64 0.6.0 4.00 52.00 56.00 NOTE

Check Details

Version: 0.6.0
Check: LazyData
Result: NOTE 'LazyData' is specified without a 'data' directory Flavors: r-devel-linux-x86_64-debian-clang, r-devel-linux-x86_64-debian-gcc, r-devel-linux-x86_64-fedora-clang, r-devel-linux-x86_64-fedora-gcc, r-devel-windows-x86_64, r-patched-linux-x86_64, r-release-linux-x86_64, r-release-macos-arm64, r-release-macos-x86_64, r-release-windows-x86_64, r-oldrel-macos-arm64, r-oldrel-macos-x86_64, r-oldrel-windows-x86_64