CRAN Package Check Results for Package ace2fastq

Last updated on 2021-10-23 06:13:01 CEST.

Flavor Version Tinstall Tcheck Ttotal Status Flags
r-devel-linux-x86_64-debian-clang 0.6.0 2.08 24.27 26.35 NOTE
r-devel-linux-x86_64-debian-gcc 0.6.0 1.56 18.98 20.54 NOTE
r-devel-linux-x86_64-fedora-clang 0.6.0 43.36 NOTE
r-devel-linux-x86_64-fedora-gcc 0.6.0 32.32 NOTE
r-devel-windows-x86_64 0.6.0 5.00 43.00 48.00 NOTE
r-devel-windows-x86_64-gcc10-UCRT 0.6.0 NOTE
r-patched-linux-x86_64 0.6.0 1.91 23.04 24.95 NOTE
r-patched-solaris-x86 0.6.0 54.10 NOTE
r-release-linux-x86_64 0.6.0 1.58 23.14 24.72 NOTE
r-release-macos-arm64 0.6.0 NOTE
r-release-macos-x86_64 0.6.0 NOTE
r-release-windows-ix86+x86_64 0.6.0 5.00 48.00 53.00 NOTE
r-oldrel-macos-x86_64 0.6.0 OK
r-oldrel-windows-ix86+x86_64 0.6.0 5.00 50.00 55.00 OK

Check Details

Version: 0.6.0
Check: LazyData
Result: NOTE
     'LazyData' is specified without a 'data' directory
Flavors: r-devel-linux-x86_64-debian-clang, r-devel-linux-x86_64-debian-gcc, r-devel-linux-x86_64-fedora-clang, r-devel-linux-x86_64-fedora-gcc, r-devel-windows-x86_64, r-devel-windows-x86_64-gcc10-UCRT, r-patched-linux-x86_64, r-patched-solaris-x86, r-release-linux-x86_64, r-release-macos-arm64, r-release-macos-x86_64, r-release-windows-ix86+x86_64