CRAN Package Check Results for Package activPAL

Last updated on 2021-10-23 06:13:01 CEST.

Flavor Version Tinstall Tcheck Ttotal Status Flags
r-devel-linux-x86_64-debian-clang 0.1.3 11.52 97.43 108.95 NOTE
r-devel-linux-x86_64-debian-gcc 0.1.3 7.89 71.34 79.23 NOTE
r-devel-linux-x86_64-fedora-clang 0.1.3 135.17 NOTE
r-devel-linux-x86_64-fedora-gcc 0.1.3 121.97 NOTE
r-devel-windows-x86_64 0.1.3 16.00 119.00 135.00 NOTE
r-devel-windows-x86_64-gcc10-UCRT 0.1.3 NOTE
r-patched-linux-x86_64 0.1.3 10.33 91.87 102.20 NOTE
r-patched-solaris-x86 0.1.3 166.20 NOTE
r-release-linux-x86_64 0.1.3 10.46 92.22 102.68 NOTE
r-release-macos-arm64 0.1.3 NOTE
r-release-macos-x86_64 0.1.3 NOTE
r-release-windows-ix86+x86_64 0.1.3 16.00 122.00 138.00 NOTE
r-oldrel-macos-x86_64 0.1.3 OK
r-oldrel-windows-ix86+x86_64 0.1.3 25.00 121.00 146.00 OK

Check Details

Version: 0.1.3
Check: LazyData
Result: NOTE
     'LazyData' is specified without a 'data' directory
Flavors: r-devel-linux-x86_64-debian-clang, r-devel-linux-x86_64-debian-gcc, r-devel-linux-x86_64-fedora-clang, r-devel-linux-x86_64-fedora-gcc, r-devel-windows-x86_64, r-devel-windows-x86_64-gcc10-UCRT, r-patched-linux-x86_64, r-patched-solaris-x86, r-release-linux-x86_64, r-release-macos-arm64, r-release-macos-x86_64, r-release-windows-ix86+x86_64