CRAN Package Check Results for Package activityCounts

Last updated on 2021-09-28 05:48:34 CEST.

Flavor Version Tinstall Tcheck Ttotal Status Flags
r-devel-linux-x86_64-debian-clang 0.1.2 7.64 61.03 68.67 OK
r-devel-linux-x86_64-debian-gcc 0.1.2 6.04 46.55 52.59 OK
r-devel-linux-x86_64-fedora-clang 0.1.2 88.36 OK
r-devel-linux-x86_64-fedora-gcc 0.1.2 78.95 OK
r-devel-windows-x86_64 0.1.2 9.00 60.00 69.00 OK
r-devel-windows-x86_64-gcc10-UCRT 0.1.2 OK
r-patched-linux-x86_64 0.1.2 7.58 57.65 65.23 OK
r-patched-solaris-x86 0.1.2 117.80 OK
r-release-linux-x86_64 0.1.2 7.48 57.32 64.80 OK
r-release-macos-arm64 0.1.2 OK
r-release-macos-x86_64 0.1.2 OK
r-release-windows-ix86+x86_64 0.1.2 17.00 80.00 97.00 OK
r-oldrel-macos-x86_64 0.1.2 NOTE
r-oldrel-windows-ix86+x86_64 0.1.2 12.00 57.00 69.00 OK

Check Details

Version: 0.1.2
Check: package dependencies
Result: NOTE
    Package suggested but not available for checking: ‘rmarkdown’
Flavor: r-oldrel-macos-x86_64