CRAN Package Check Results for Package adagio

Last updated on 2019-05-23 05:48:50 CEST.

Flavor Version Tinstall Tcheck Ttotal Status Flags
r-devel-linux-x86_64-debian-clang 0.7.1 4.64 26.62 31.26 OK
r-devel-linux-x86_64-debian-gcc 0.7.1 3.63 21.21 24.84 OK
r-devel-linux-x86_64-fedora-clang 0.7.1 37.17 NOTE
r-devel-linux-x86_64-fedora-gcc 0.7.1 36.69 NOTE
r-devel-windows-ix86+x86_64 0.7.1 105.00 65.00 170.00 OK
r-patched-linux-x86_64 0.7.1 4.35 26.50 30.85 OK
r-patched-solaris-x86 0.7.1 61.50 OK
r-release-linux-x86_64 0.7.1 4.90 26.55 31.45 OK
r-release-windows-ix86+x86_64 0.7.1 18.00 62.00 80.00 OK
r-release-osx-x86_64 0.7.1 OK
r-oldrel-windows-ix86+x86_64 0.7.1 10.00 42.00 52.00 OK
r-oldrel-osx-x86_64 0.7.1 OK

Check Details

Version: 0.7.1
Check: compiled code
Result: NOTE
    File ‘adagio/libs/adagio.so’:
     Found no calls to: ‘R_registerRoutines’, ‘R_useDynamicSymbols’
    
    It is good practice to register native routines and to disable symbol
    search.
    
    See ‘Writing portable packages’ in the ‘Writing R Extensions’ manual.
Flavors: r-devel-linux-x86_64-fedora-clang, r-devel-linux-x86_64-fedora-gcc