CRAN Package Check Results for Package adagio

Last updated on 2019-08-18 05:46:09 CEST.

Flavor Version Tinstall Tcheck Ttotal Status Flags
r-devel-linux-x86_64-debian-clang 0.7.1 4.97 26.49 31.46 OK
r-devel-linux-x86_64-debian-gcc 0.7.1 4.19 21.14 25.33 OK
r-devel-linux-x86_64-fedora-clang 0.7.1 40.73 NOTE
r-devel-linux-x86_64-fedora-gcc 0.7.1 38.12 NOTE
r-devel-windows-ix86+x86_64 0.7.1 19.00 67.00 86.00 OK
r-patched-linux-x86_64 0.7.1 4.62 26.69 31.31 OK
r-patched-solaris-x86 0.7.1 59.30 OK
r-release-linux-x86_64 0.7.1 5.00 26.61 31.61 OK
r-release-windows-ix86+x86_64 0.7.1 14.00 66.00 80.00 OK
r-release-osx-x86_64 0.7.1 OK
r-oldrel-windows-ix86+x86_64 0.7.1 10.00 42.00 52.00 OK
r-oldrel-osx-x86_64 0.7.1 OK

Check Details

Version: 0.7.1
Check: compiled code
Result: NOTE
    File ‘adagio/libs/adagio.so’:
     Found no calls to: ‘R_registerRoutines’, ‘R_useDynamicSymbols’
    
    It is good practice to register native routines and to disable symbol
    search.
    
    See ‘Writing portable packages’ in the ‘Writing R Extensions’ manual.
Flavors: r-devel-linux-x86_64-fedora-clang, r-devel-linux-x86_64-fedora-gcc