CRAN Package Check Results for Package adaptivetau

Last updated on 2024-07-21 06:52:02 CEST.

Flavor Version Tinstall Tcheck Ttotal Status Flags
r-devel-linux-x86_64-debian-clang 2.3-1 6.48 30.38 36.86 NOTE
r-devel-linux-x86_64-debian-gcc 2.3-1 6.09 23.09 29.18 NOTE
r-devel-linux-x86_64-fedora-clang 2.3-1 51.50 NOTE
r-devel-linux-x86_64-fedora-gcc 2.3-1 61.50 NOTE
r-devel-windows-x86_64 2.3-1 9.00 76.00 85.00 NOTE
r-patched-linux-x86_64 2.3-1 7.15 29.62 36.77 OK
r-release-linux-x86_64 2.3-1 6.84 29.54 36.38 OK
r-release-macos-arm64 2.3-1 48.00 OK
r-release-macos-x86_64 2.3-1 63.00 OK
r-release-windows-x86_64 2.3-1 9.00 79.00 88.00 OK
r-oldrel-macos-arm64 2.3-1 57.00 OK
r-oldrel-macos-x86_64 2.3-1 120.00 OK
r-oldrel-windows-x86_64 2.3-1 11.00 80.00 91.00 OK

Check Details

Version: 2.3-1
Check: compiled code
Result: NOTE File ‘adaptivetau/libs/adaptivetau.so’: Found non-API call to R: ‘STRING_PTR’ Compiled code should not call non-API entry points in R. See ‘Writing portable packages’ in the ‘Writing R Extensions’ manual, and section ‘Moving into C API compliance’ for issues with the use of non-API entry points. Flavors: r-devel-linux-x86_64-debian-clang, r-devel-linux-x86_64-debian-gcc, r-devel-linux-x86_64-fedora-clang, r-devel-linux-x86_64-fedora-gcc

Version: 2.3-1
Check: compiled code
Result: NOTE File 'adaptivetau/libs/x64/adaptivetau.dll': Found non-API call to R: 'STRING_PTR' Compiled code should not call non-API entry points in R. See 'Writing portable packages' in the 'Writing R Extensions' manual, and section 'Moving into C API compliance' for issues with the use of non-API entry points. Flavor: r-devel-windows-x86_64