CRAN Package Check Results for Package add2ggplot

Last updated on 2021-12-07 05:54:57 CET.

Flavor Version Tinstall Tcheck Ttotal Status Flags
r-devel-linux-x86_64-debian-clang 0.3.0 4.86 63.30 68.16 NOTE
r-devel-linux-x86_64-debian-gcc 0.3.0 4.00 46.98 50.98 NOTE
r-devel-linux-x86_64-fedora-clang 0.3.0 83.59 NOTE
r-devel-linux-x86_64-fedora-gcc 0.3.0 70.25 NOTE
r-devel-windows-x86_64-new-UL 0.3.0 14.00 95.00 109.00 NOTE
r-devel-windows-x86_64-new-TK 0.3.0 NOTE
r-devel-windows-x86_64-old 0.3.0 9.00 76.00 85.00 NOTE
r-patched-linux-x86_64 0.3.0 5.03 56.28 61.31 NOTE
r-release-linux-x86_64 0.3.0 5.09 56.29 61.38 NOTE
r-release-macos-arm64 0.3.0 NOTE
r-release-macos-x86_64 0.3.0 NOTE
r-release-windows-ix86+x86_64 0.3.0 10.00 72.00 82.00 NOTE
r-oldrel-macos-x86_64 0.3.0 OK
r-oldrel-windows-ix86+x86_64 0.3.0 14.00 73.00 87.00 OK

Check Details

Version: 0.3.0
Check: LazyData
Result: NOTE
     'LazyData' is specified without a 'data' directory
Flavors: r-devel-linux-x86_64-debian-clang, r-devel-linux-x86_64-debian-gcc, r-devel-linux-x86_64-fedora-clang, r-devel-linux-x86_64-fedora-gcc, r-devel-windows-x86_64-new-UL, r-devel-windows-x86_64-new-TK, r-devel-windows-x86_64-old, r-patched-linux-x86_64, r-release-linux-x86_64, r-release-macos-arm64, r-release-macos-x86_64, r-release-windows-ix86+x86_64