CRAN Package Check Results for Package addinslist

Last updated on 2021-10-24 05:54:57 CEST.

Flavor Version Tinstall Tcheck Ttotal Status Flags
r-devel-linux-x86_64-debian-clang 0.4.0 3.50 32.18 35.68 NOTE
r-devel-linux-x86_64-debian-gcc 0.4.0 2.77 25.67 28.44 NOTE
r-devel-linux-x86_64-fedora-clang 0.4.0 54.10 NOTE
r-devel-linux-x86_64-fedora-gcc 0.4.0 43.46 NOTE
r-devel-windows-x86_64 0.4.0 7.00 58.00 65.00 NOTE
r-devel-windows-x86_64-gcc10-UCRT 0.4.0 NOTE
r-patched-linux-x86_64 0.4.0 3.30 31.78 35.08 NOTE
r-patched-solaris-x86 0.4.0 68.30 NOTE
r-release-linux-x86_64 0.4.0 3.70 31.35 35.05 NOTE
r-release-macos-arm64 0.4.0 NOTE
r-release-macos-x86_64 0.4.0 NOTE
r-release-windows-ix86+x86_64 0.4.0 7.00 48.00 55.00 NOTE
r-oldrel-macos-x86_64 0.4.0 OK
r-oldrel-windows-ix86+x86_64 0.4.0 11.00 57.00 68.00 OK

Check Details

Version: 0.4.0
Check: LazyData
Result: NOTE
     'LazyData' is specified without a 'data' directory
Flavors: r-devel-linux-x86_64-debian-clang, r-devel-linux-x86_64-debian-gcc, r-devel-linux-x86_64-fedora-clang, r-devel-linux-x86_64-fedora-gcc, r-devel-windows-x86_64, r-devel-windows-x86_64-gcc10-UCRT, r-patched-linux-x86_64, r-patched-solaris-x86, r-release-linux-x86_64, r-release-macos-arm64, r-release-macos-x86_64, r-release-windows-ix86+x86_64