CRAN Package Check Results for Package additiveDEA

Last updated on 2021-10-23 06:13:01 CEST.

Flavor Version Tinstall Tcheck Ttotal Status Flags
r-devel-linux-x86_64-debian-clang 1.1 2.56 30.99 33.55 OK
r-devel-linux-x86_64-debian-gcc 1.1 2.38 23.11 25.49 OK
r-devel-linux-x86_64-fedora-clang 1.1 51.71 NOTE
r-devel-linux-x86_64-fedora-gcc 1.1 39.97 NOTE
r-devel-windows-x86_64 1.1 5.00 38.00 43.00 OK
r-devel-windows-x86_64-gcc10-UCRT 1.1 NOTE
r-patched-linux-x86_64 1.1 2.84 29.53 32.37 OK
r-patched-solaris-x86 1.1 61.20 NOTE
r-release-linux-x86_64 1.1 2.51 28.79 31.30 OK
r-release-macos-arm64 1.1 NOTE
r-release-macos-x86_64 1.1 NOTE
r-release-windows-ix86+x86_64 1.1 5.00 47.00 52.00 OK
r-oldrel-macos-x86_64 1.1 NOTE
r-oldrel-windows-ix86+x86_64 1.1 7.00 48.00 55.00 OK

Check Details

Version: 1.1
Check: dependencies in R code
Result: NOTE
    Namespace in Imports field not imported from: ‘Benchmarking’
     All declared Imports should be used.
Flavors: r-devel-linux-x86_64-fedora-clang, r-devel-linux-x86_64-fedora-gcc, r-devel-windows-x86_64-gcc10-UCRT, r-patched-solaris-x86, r-release-macos-arm64, r-release-macos-x86_64, r-oldrel-macos-x86_64