CRAN Package Check Results for Package ade4

Last updated on 2021-10-26 05:59:42 CEST.

Flavor Version Tinstall Tcheck Ttotal Status Flags
r-devel-linux-x86_64-debian-clang 1.7-18 49.84 343.05 392.89 OK
r-devel-linux-x86_64-debian-gcc 1.7-18 37.02 254.32 291.34 OK
r-devel-linux-x86_64-fedora-clang 1.7-18 510.22 NOTE
r-devel-linux-x86_64-fedora-gcc 1.7-18 464.34 NOTE
r-devel-windows-x86_64 1.7-18 73.00 486.00 559.00 NOTE
r-devel-windows-x86_64-gcc10-UCRT 1.7-18 NOTE
r-patched-linux-x86_64 1.7-18 46.00 337.67 383.67 OK
r-patched-solaris-x86 1.7-18 565.30 NOTE
r-release-linux-x86_64 1.7-18 44.82 335.80 380.62 OK
r-release-macos-arm64 1.7-18 NOTE
r-release-macos-x86_64 1.7-18 NOTE
r-release-windows-ix86+x86_64 1.7-18 61.00 676.00 737.00 NOTE
r-oldrel-macos-x86_64 1.7-18 NOTE
r-oldrel-windows-ix86+x86_64 1.7-18 94.00 677.00 771.00 NOTE

Check Details

Version: 1.7-18
Check: installed package size
Result: NOTE
     installed size is 7.9Mb
     sub-directories of 1Mb or more:
     R 1.4Mb
     data 2.8Mb
     pictures 2.1Mb
Flavors: r-devel-linux-x86_64-fedora-clang, r-devel-windows-x86_64, r-patched-solaris-x86, r-release-macos-arm64, r-release-macos-x86_64, r-release-windows-ix86+x86_64, r-oldrel-macos-x86_64, r-oldrel-windows-ix86+x86_64

Version: 1.7-18
Check: dependencies in R code
Result: NOTE
    Namespace in Imports field not imported from: ‘sp’
     All declared Imports should be used.
Flavors: r-devel-linux-x86_64-fedora-clang, r-devel-linux-x86_64-fedora-gcc, r-devel-windows-x86_64-gcc10-UCRT, r-patched-solaris-x86, r-release-macos-arm64, r-release-macos-x86_64, r-oldrel-macos-x86_64