CRAN Package Check Results for Package adegraphics

Last updated on 2021-10-21 05:50:50 CEST.

Flavor Version Tinstall Tcheck Ttotal Status Flags
r-devel-linux-x86_64-debian-clang 1.0-16 32.26 355.66 387.92 OK
r-devel-linux-x86_64-debian-gcc 1.0-16 25.42 263.00 288.42 OK
r-devel-linux-x86_64-fedora-clang 1.0-16 471.80 OK
r-devel-linux-x86_64-fedora-gcc 1.0-16 449.81 OK
r-devel-windows-x86_64 1.0-16 49.00 436.00 485.00 OK
r-devel-windows-x86_64-gcc10-UCRT 1.0-16 OK
r-patched-linux-x86_64 1.0-16 32.90 337.77 370.67 OK
r-patched-solaris-x86 1.0-16 578.60 NOTE
r-release-linux-x86_64 1.0-16 31.00 334.52 365.52 OK
r-release-macos-arm64 1.0-16 NOTE
r-release-macos-x86_64 1.0-16 OK
r-release-windows-ix86+x86_64 1.0-16 36.00 430.00 466.00 OK
r-oldrel-macos-x86_64 1.0-16 OK
r-oldrel-windows-ix86+x86_64 1.0-16 55.00 427.00 482.00 OK

Check Details

Version: 1.0-16
Check: installed package size
Result: NOTE
     installed size is 5.1Mb
     sub-directories of 1Mb or more:
     R 1.5Mb
     doc 3.0Mb
Flavors: r-patched-solaris-x86, r-release-macos-arm64