CRAN Package Check Results for Package adept

Last updated on 2020-07-06 04:47:20 CEST.

Flavor Version Tinstall Tcheck Ttotal Status Flags
r-devel-linux-x86_64-debian-clang 1.1.2 11.12 331.11 342.23 OK
r-devel-linux-x86_64-debian-gcc 1.1.2 8.78 245.56 254.34 OK
r-devel-linux-x86_64-fedora-clang 1.1.2 413.14 NOTE
r-devel-linux-x86_64-fedora-gcc 1.1.2 398.37 NOTE
r-devel-windows-ix86+x86_64 1.1.2 49.00 123.00 172.00 NOTE --no-vignettes
r-patched-linux-x86_64 1.1.2 11.90 307.46 319.36 OK
r-patched-solaris-x86 1.1.2 932.80 NOTE
r-release-linux-x86_64 1.1.2 11.55 322.22 333.77 OK
r-release-osx-x86_64 1.1.2 NOTE
r-release-windows-ix86+x86_64 1.1.2 25.00 121.00 146.00 NOTE --no-vignettes
r-oldrel-osx-x86_64 1.1.2 NOTE
r-oldrel-windows-ix86+x86_64 1.1.2 30.00 165.00 195.00 NOTE --no-vignettes

Check Details

Version: 1.1.2
Check: installed package size
Result: NOTE
     installed size is 5.5Mb
     sub-directories of 1Mb or more:
     doc 4.7Mb
Flavors: r-devel-linux-x86_64-fedora-clang, r-patched-solaris-x86, r-release-osx-x86_64, r-oldrel-osx-x86_64

Version: 1.1.2
Check: dependencies in R code
Result: NOTE
    Namespace in Imports field not imported from: ‘tibble’
     All declared Imports should be used.
Flavors: r-devel-linux-x86_64-fedora-clang, r-devel-linux-x86_64-fedora-gcc, r-patched-solaris-x86, r-release-osx-x86_64, r-oldrel-osx-x86_64

Version: 1.1.2
Flags: --no-vignettes
Check: installed package size
Result: NOTE
     installed size is 5.5Mb
     sub-directories of 1Mb or more:
     doc 4.7Mb
Flavors: r-devel-windows-ix86+x86_64, r-release-windows-ix86+x86_64, r-oldrel-windows-ix86+x86_64