Last updated on 2023-02-09 05:54:00 CET.
Flavor | Version | Tinstall | Tcheck | Ttotal | Status | Flags |
---|---|---|---|---|---|---|
r-devel-linux-x86_64-debian-clang | 1.2 | 13.74 | 356.46 | 370.20 | NOTE | |
r-devel-linux-x86_64-debian-gcc | 1.2 | 10.52 | 260.06 | 270.58 | NOTE | |
r-devel-linux-x86_64-fedora-clang | 1.2 | 450.74 | NOTE | |||
r-devel-linux-x86_64-fedora-gcc | 1.2 | 454.26 | NOTE | |||
r-devel-windows-x86_64 | 1.2 | 25.00 | 193.00 | 218.00 | NOTE | --no-vignettes |
r-patched-linux-x86_64 | 1.2 | 11.91 | 352.23 | 364.14 | NOTE | |
r-release-linux-x86_64 | 1.2 | 10.75 | 341.54 | 352.29 | NOTE | |
r-release-macos-arm64 | 1.2 | 162.00 | NOTE | |||
r-release-macos-x86_64 | 1.2 | 296.00 | NOTE | |||
r-release-windows-x86_64 | 1.2 | 24.00 | 193.00 | 217.00 | NOTE | --no-vignettes |
r-oldrel-macos-arm64 | 1.2 | 236.00 | NOTE | |||
r-oldrel-macos-x86_64 | 1.2 | 309.00 | NOTE | |||
r-oldrel-windows-ix86+x86_64 | 1.2 | 34.00 | 173.00 | 207.00 | NOTE | --no-vignettes |
Version: 1.2
Check: LazyData
Result: NOTE
'LazyData' is specified without a 'data' directory
Flavors: r-devel-linux-x86_64-debian-clang, r-devel-linux-x86_64-debian-gcc, r-devel-linux-x86_64-fedora-clang, r-devel-linux-x86_64-fedora-gcc, r-patched-linux-x86_64, r-release-linux-x86_64, r-release-macos-arm64, r-release-macos-x86_64, r-oldrel-macos-arm64, r-oldrel-macos-x86_64
Version: 1.2
Check: installed package size
Result: NOTE
installed size is 5.1Mb
sub-directories of 1Mb or more:
doc 4.7Mb
Flavors: r-devel-linux-x86_64-fedora-clang, r-release-macos-arm64, r-release-macos-x86_64, r-oldrel-macos-arm64, r-oldrel-macos-x86_64
Version: 1.2
Flags: --no-vignettes
Check: installed package size
Result: NOTE
installed size is 5.1Mb
sub-directories of 1Mb or more:
doc 4.7Mb
Flavors: r-devel-windows-x86_64, r-release-windows-x86_64, r-oldrel-windows-ix86+x86_64
Version: 1.2
Flags: --no-vignettes
Check: LazyData
Result: NOTE
'LazyData' is specified without a 'data' directory
Flavors: r-devel-windows-x86_64, r-release-windows-x86_64, r-oldrel-windows-ix86+x86_64