CRAN Package Check Results for Package adhoc

Last updated on 2020-04-08 05:47:11 CEST.

Flavor Version Tinstall Tcheck Ttotal Status Flags
r-devel-linux-x86_64-debian-clang 1.1 20.49 163.08 183.57 NOTE
r-devel-linux-x86_64-debian-gcc 1.1 15.36 124.62 139.98 NOTE
r-devel-linux-x86_64-fedora-clang 1.1 220.51 NOTE
r-devel-linux-x86_64-fedora-gcc 1.1 216.08 NOTE
r-devel-windows-ix86+x86_64 1.1 41.00 236.00 277.00 OK
r-devel-windows-ix86+x86_64-gcc8 1.1 41.00 148.00 189.00 OK
r-patched-linux-x86_64 1.1 18.02 155.35 173.37 NOTE
r-patched-solaris-x86 1.1 359.40 NOTE
r-release-linux-x86_64 1.1 17.92 141.32 159.24 OK
r-release-windows-ix86+x86_64 1.1 59.00 255.00 314.00 OK
r-release-osx-x86_64 1.1 OK
r-oldrel-windows-ix86+x86_64 1.1 21.00 150.00 171.00 OK
r-oldrel-osx-x86_64 1.1 OK

Check Details

Version: 1.1
Check: for non-standard things in the check directory
Result: NOTE
    Found the following files/directories:
     'Bestmatches.csv' 'ID.csv' 'listsp.csv' 'mylabels.csv'
Flavors: r-devel-linux-x86_64-debian-clang, r-devel-linux-x86_64-debian-gcc, r-devel-linux-x86_64-fedora-clang, r-devel-linux-x86_64-fedora-gcc, r-patched-linux-x86_64, r-patched-solaris-x86