CRAN Package Check Results for Package adjclust

Last updated on 2019-07-16 05:48:03 CEST.

Flavor Version Tinstall Tcheck Ttotal Status Flags
r-devel-linux-x86_64-debian-clang 0.5.7 7.77 128.03 135.80 OK
r-devel-linux-x86_64-debian-gcc 0.5.7 7.54 101.14 108.68 OK
r-devel-linux-x86_64-fedora-clang 0.5.7 165.06 OK
r-devel-linux-x86_64-fedora-gcc 0.5.7 155.80 OK
r-devel-windows-ix86+x86_64 0.5.7 25.00 250.00 275.00 OK
r-patched-linux-x86_64 0.5.7 7.83 124.88 132.71 OK
r-patched-solaris-x86 0.5.7 259.30 OK
r-release-linux-x86_64 0.5.7 8.76 123.90 132.66 OK
r-release-windows-ix86+x86_64 0.5.7 19.00 237.00 256.00 OK
r-release-osx-x86_64 0.5.7 NOTE
r-oldrel-windows-ix86+x86_64 0.5.7 19.00 174.00 193.00 OK
r-oldrel-osx-x86_64 0.5.7 NOTE

Check Details

Version: 0.5.7
Check: package dependencies
Result: NOTE
    Packages suggested but not available for checking:
     'rioja', 'HiTC', 'snpStats', 'BiocGenerics'
Flavor: r-release-osx-x86_64

Version: 0.5.7
Check: Rd cross-references
Result: NOTE
    Packages unavailable to check Rd xrefs: ‘HiTC’, ‘snpStats’
Flavor: r-release-osx-x86_64

Version: 0.5.7
Check: package dependencies
Result: NOTE
    Package suggested but not available for checking: ‘HiTC’
Flavor: r-oldrel-osx-x86_64

Version: 0.5.7
Check: Rd cross-references
Result: NOTE
    Package unavailable to check Rd xrefs: ‘HiTC’
Flavor: r-oldrel-osx-x86_64