CRAN Package Check Results for Package adjclust

Last updated on 2021-10-21 05:50:50 CEST.

Flavor Version Tinstall Tcheck Ttotal Status Flags
r-devel-linux-x86_64-debian-clang 0.6.3 40.52 155.66 196.18 OK
r-devel-linux-x86_64-debian-gcc 0.6.3 31.92 112.61 144.53 OK
r-devel-linux-x86_64-fedora-clang 0.6.3 267.36 NOTE
r-devel-linux-x86_64-fedora-gcc 0.6.3 235.80 OK
r-devel-windows-x86_64 0.6.3 59.00 205.00 264.00 NOTE
r-devel-windows-x86_64-gcc10-UCRT 0.6.3 OK
r-patched-linux-x86_64 0.6.3 39.01 146.61 185.62 OK
r-patched-solaris-x86 0.6.3 271.40 OK
r-release-linux-x86_64 0.6.3 39.05 144.60 183.65 OK
r-release-macos-arm64 0.6.3 NOTE
r-release-macos-x86_64 0.6.3 NOTE
r-release-windows-ix86+x86_64 0.6.3 78.00 270.00 348.00 NOTE
r-oldrel-macos-x86_64 0.6.3 ERROR
r-oldrel-windows-ix86+x86_64 0.6.3 109.00 270.00 379.00 NOTE

Check Details

Version: 0.6.3
Check: installed package size
Result: NOTE
     installed size is 6.1Mb
     sub-directories of 1Mb or more:
     doc 3.6Mb
     libs 1.9Mb
Flavors: r-devel-linux-x86_64-fedora-clang, r-devel-windows-x86_64, r-release-macos-arm64, r-release-macos-x86_64, r-release-windows-ix86+x86_64, r-oldrel-windows-ix86+x86_64

Version: 0.6.3
Check: package dependencies
Result: NOTE
    Package suggested but not available for checking: ‘HiTC’
Flavor: r-release-macos-x86_64

Version: 0.6.3
Check: package dependencies
Result: ERROR
    Package required but not available: ‘sparseMatrixStats’
    
    Package suggested but not available for checking: ‘HiTC’
    
    See section ‘The DESCRIPTION file’ in the ‘Writing R Extensions’
    manual.
Flavor: r-oldrel-macos-x86_64