CRAN Package Check Results for Package admisc

Last updated on 2022-01-24 05:51:41 CET.

Flavor Version Tinstall Tcheck Ttotal Status Flags
r-devel-linux-x86_64-debian-clang 0.22 8.10 60.58 68.68 OK
r-devel-linux-x86_64-debian-gcc 0.22 6.09 46.17 52.26 OK
r-devel-linux-x86_64-fedora-clang 0.23 91.05 OK
r-devel-linux-x86_64-fedora-gcc 0.22 71.51 OK
r-devel-windows-x86_64-new-UL 0.22 24.00 85.00 109.00 OK
r-devel-windows-x86_64-new-TK 0.22 OK
r-patched-linux-x86_64 0.22 6.42 58.90 65.32 OK
r-release-linux-x86_64 0.22 6.86 59.37 66.23 OK
r-release-macos-arm64 0.22 OK
r-release-macos-x86_64 0.22 WARN --as-cran
r-release-windows-ix86+x86_64 0.22 15.00 90.00 105.00 OK
r-oldrel-macos-x86_64 0.21 OK
r-oldrel-windows-ix86+x86_64 0.22 16.00 86.00 102.00 OK

Check Details

Version: 0.22
Flags: --as-cran
Check: CRAN incoming feasibility
Result: WARN
    Maintainer: ‘Adrian Dusa <dusa.adrian@unibuc.ro>’
    
    Insufficient package version (submitted: 0.22, existing: 0.22)
    
    Days since last update: 1
Flavor: r-release-macos-x86_64