CRAN Package Check Results for Package advclust

Last updated on 2021-10-22 05:59:37 CEST.

Flavor Version Tinstall Tcheck Ttotal Status Flags
r-devel-linux-x86_64-debian-clang 0.4 8.03 115.50 123.53 NOTE
r-devel-linux-x86_64-debian-gcc 0.4 5.75 80.62 86.37 NOTE
r-devel-linux-x86_64-fedora-clang 0.4 150.12 NOTE
r-devel-linux-x86_64-fedora-gcc 0.4 137.41 NOTE
r-devel-windows-x86_64 0.4 15.00 140.00 155.00 NOTE
r-devel-windows-x86_64-gcc10-UCRT 0.4 NOTE
r-patched-linux-x86_64 0.4 7.99 103.75 111.74 NOTE
r-patched-solaris-x86 0.4 128.80 NOTE
r-release-linux-x86_64 0.4 6.62 104.59 111.21 NOTE
r-release-macos-arm64 0.4 NOTE
r-release-macos-x86_64 0.4 NOTE
r-release-windows-ix86+x86_64 0.4 15.00 139.00 154.00 NOTE
r-oldrel-macos-x86_64 0.4 OK
r-oldrel-windows-ix86+x86_64 0.4 21.00 139.00 160.00 OK

Check Details

Version: 0.4
Check: LazyData
Result: NOTE
     'LazyData' is specified without a 'data' directory
Flavors: r-devel-linux-x86_64-debian-clang, r-devel-linux-x86_64-debian-gcc, r-devel-linux-x86_64-fedora-clang, r-devel-linux-x86_64-fedora-gcc, r-devel-windows-x86_64, r-devel-windows-x86_64-gcc10-UCRT, r-patched-linux-x86_64, r-patched-solaris-x86, r-release-linux-x86_64, r-release-macos-arm64, r-release-macos-x86_64, r-release-windows-ix86+x86_64