CRAN Package Check Results for Package afex

Last updated on 2021-10-23 06:13:01 CEST.

Flavor Version Tinstall Tcheck Ttotal Status Flags
r-devel-linux-x86_64-debian-clang 1.0-1 16.68 349.17 365.85 OK
r-devel-linux-x86_64-debian-gcc 1.0-1 14.27 248.60 262.87 OK
r-devel-linux-x86_64-fedora-clang 1.0-1 455.23 OK
r-devel-linux-x86_64-fedora-gcc 1.0-1 437.56 OK
r-devel-windows-x86_64 1.0-1 27.00 441.00 468.00 OK
r-devel-windows-x86_64-gcc10-UCRT 1.0-1 OK
r-patched-linux-x86_64 1.0-1 24.04 348.24 372.28 OK
r-patched-solaris-x86 1.0-1 597.40 NOTE
r-release-linux-x86_64 1.0-1 17.26 355.11 372.37 OK
r-release-macos-arm64 1.0-1 OK
r-release-macos-x86_64 1.0-1 OK
r-release-windows-ix86+x86_64 1.0-1 27.00 462.00 489.00 OK
r-oldrel-macos-x86_64 1.0-1 OK
r-oldrel-windows-ix86+x86_64 1.0-1 41.00 479.00 520.00 OK

Check Details

Version: 1.0-1
Check: package dependencies
Result: NOTE
    Package suggested but not available for checking: ‘glmmTMB’
Flavor: r-patched-solaris-x86