CRAN Package Check Results for Package agricolaeplotr

Last updated on 2021-10-24 05:54:57 CEST.

Flavor Version Tinstall Tcheck Ttotal Status Flags
r-devel-linux-x86_64-debian-clang 0.2.2 6.96 101.76 108.72 OK
r-devel-linux-x86_64-debian-gcc 0.2.2 6.37 74.06 80.43 OK
r-devel-linux-x86_64-fedora-clang 0.2.2 136.67 NOTE
r-devel-linux-x86_64-fedora-gcc 0.2.2 123.37 NOTE
r-devel-windows-x86_64 0.2.2 14.00 135.00 149.00 OK
r-devel-windows-x86_64-gcc10-UCRT 0.2.2 NOTE
r-patched-linux-x86_64 0.2.2 7.84 93.18 101.02 OK
r-patched-solaris-x86 0.2.2 152.10 NOTE
r-release-linux-x86_64 0.2.2 8.12 92.32 100.44 OK
r-release-macos-arm64 0.2.2 NOTE
r-release-macos-x86_64 0.2.2 NOTE
r-release-windows-ix86+x86_64 0.2.2 13.00 133.00 146.00 OK
r-oldrel-macos-x86_64 0.2.2 NOTE
r-oldrel-windows-ix86+x86_64 0.2.2 22.00 135.00 157.00 OK

Check Details

Version: 0.2.2
Check: dependencies in R code
Result: NOTE
    Namespace in Imports field not imported from: ‘rmarkdown’
     All declared Imports should be used.
Flavors: r-devel-linux-x86_64-fedora-clang, r-devel-linux-x86_64-fedora-gcc, r-devel-windows-x86_64-gcc10-UCRT, r-patched-solaris-x86, r-release-macos-arm64, r-release-macos-x86_64, r-oldrel-macos-x86_64