CRAN Package Check Results for Package agriwater

Last updated on 2021-10-24 05:54:57 CEST.

Flavor Version Tinstall Tcheck Ttotal Status Flags
r-devel-linux-x86_64-debian-clang 1.0.1 28.14 231.85 259.99 NOTE
r-devel-linux-x86_64-debian-gcc 1.0.1 25.97 169.67 195.64 NOTE
r-devel-linux-x86_64-fedora-clang 1.0.1 317.94 NOTE
r-devel-linux-x86_64-fedora-gcc 1.0.1 307.98 NOTE
r-devel-windows-x86_64 1.0.1 46.00 251.00 297.00 NOTE
r-devel-windows-x86_64-gcc10-UCRT 1.0.1 NOTE
r-patched-linux-x86_64 1.0.1 31.10 223.44 254.54 NOTE
r-patched-solaris-x86 1.0.1 194.00 NOTE
r-release-linux-x86_64 1.0.1 29.14 223.31 252.45 NOTE
r-release-macos-arm64 1.0.1 NOTE
r-release-macos-x86_64 1.0.1 NOTE
r-release-windows-ix86+x86_64 1.0.1 47.00 251.00 298.00 NOTE
r-oldrel-macos-x86_64 1.0.1 OK
r-oldrel-windows-ix86+x86_64 1.0.1 33.00 121.00 154.00 OK

Check Details

Version: 1.0.1
Check: LazyData
Result: NOTE
     'LazyData' is specified without a 'data' directory
Flavors: r-devel-linux-x86_64-debian-clang, r-devel-linux-x86_64-debian-gcc, r-devel-linux-x86_64-fedora-clang, r-devel-linux-x86_64-fedora-gcc, r-devel-windows-x86_64, r-devel-windows-x86_64-gcc10-UCRT, r-patched-linux-x86_64, r-patched-solaris-x86, r-release-linux-x86_64, r-release-macos-arm64, r-release-macos-x86_64, r-release-windows-ix86+x86_64