CRAN Package Check Results for Package agriwater

Last updated on 2022-08-19 05:52:42 CEST.

Flavor Version Tinstall Tcheck Ttotal Status Flags
r-devel-linux-x86_64-debian-clang 1.0.1 41.06 275.28 316.34 NOTE
r-devel-linux-x86_64-debian-gcc 1.0.1 29.65 207.87 237.52 NOTE
r-devel-linux-x86_64-fedora-clang 1.0.1 398.07 NOTE
r-devel-linux-x86_64-fedora-gcc 1.0.1 376.43 NOTE
r-devel-windows-x86_64 1.0.1 42.00 258.00 300.00 NOTE
r-patched-linux-x86_64 1.0.1 33.61 271.79 305.40 NOTE
r-release-linux-x86_64 1.0.1 NOTE
r-release-macos-arm64 1.0.1 75.00 NOTE
r-release-macos-x86_64 1.0.1 112.00 NOTE
r-release-windows-x86_64 1.0.1 52.00 268.00 320.00 NOTE
r-oldrel-macos-arm64 1.0.1 49.00 NOTE
r-oldrel-macos-x86_64 1.0.1 84.00 NOTE
r-oldrel-windows-ix86+x86_64 1.0.1 69.00 275.00 344.00 NOTE

Check Details

Version: 1.0.1
Check: LazyData
Result: NOTE
     'LazyData' is specified without a 'data' directory
Flavors: r-devel-linux-x86_64-debian-clang, r-devel-linux-x86_64-debian-gcc, r-devel-linux-x86_64-fedora-clang, r-devel-linux-x86_64-fedora-gcc, r-devel-windows-x86_64, r-patched-linux-x86_64, r-release-linux-x86_64, r-release-macos-arm64, r-release-macos-x86_64, r-release-windows-x86_64, r-oldrel-macos-arm64, r-oldrel-macos-x86_64, r-oldrel-windows-ix86+x86_64