CRAN Package Check Results for Package agtboost

Last updated on 2021-10-16 05:51:13 CEST.

Flavor Version Tinstall Tcheck Ttotal Status Flags
r-devel-linux-x86_64-debian-clang 0.9.1 33.37 42.08 75.45 OK
r-devel-linux-x86_64-debian-gcc 0.9.1 28.50 33.34 61.84 OK
r-devel-linux-x86_64-fedora-clang 0.9.1 121.83 NOTE
r-devel-linux-x86_64-fedora-gcc 0.9.1 113.58 OK
r-devel-windows-x86_64 0.9.1 40.00 57.00 97.00 OK
r-devel-windows-x86_64-gcc10-UCRT 0.9.1 OK
r-patched-linux-x86_64 0.9.1 33.09 42.03 75.12 OK
r-patched-solaris-x86 0.9.1 117.40 OK
r-release-linux-x86_64 0.9.1 36.23 41.75 77.98 OK
r-release-macos-arm64 0.9.1 NOTE
r-release-macos-x86_64 0.9.1 NOTE
r-release-windows-ix86+x86_64 0.9.1 89.00 99.00 188.00 OK
r-oldrel-macos-x86_64 0.9.1 NOTE
r-oldrel-windows-ix86+x86_64 0.9.1 90.00 97.00 187.00 OK

Check Details

Version: 0.9.1
Check: installed package size
Result: NOTE
     installed size is 7.3Mb
     sub-directories of 1Mb or more:
     libs 6.8Mb
Flavors: r-devel-linux-x86_64-fedora-clang, r-release-macos-arm64, r-release-macos-x86_64, r-oldrel-macos-x86_64