CRAN Package Check Results for Package ahnr

Last updated on 2021-12-08 05:58:30 CET.

Flavor Version Tinstall Tcheck Ttotal Status Flags
r-devel-linux-x86_64-debian-clang 0.3.1 4.87 153.87 158.74 NOTE
r-devel-linux-x86_64-debian-gcc 0.3.1 3.89 103.37 107.26 NOTE
r-devel-linux-x86_64-fedora-clang 0.3.1 178.14 NOTE
r-devel-linux-x86_64-fedora-gcc 0.3.1 170.32 NOTE
r-devel-windows-x86_64-new-UL 0.3.1 12.00 174.00 186.00 NOTE
r-devel-windows-x86_64-new-TK 0.3.1 NOTE
r-devel-windows-x86_64-old 0.3.1 10.00 182.00 192.00 NOTE
r-patched-linux-x86_64 0.3.1 5.07 143.64 148.71 NOTE
r-release-linux-x86_64 0.3.1 5.05 144.16 149.21 NOTE
r-release-macos-arm64 0.3.1 NOTE
r-release-macos-x86_64 0.3.1 WARN
r-release-windows-ix86+x86_64 0.3.1 11.00 175.00 186.00 NOTE
r-oldrel-macos-x86_64 0.3.1 WARN
r-oldrel-windows-ix86+x86_64 0.3.1 14.00 182.00 196.00 OK

Check Details

Version: 0.3.1
Check: LazyData
Result: NOTE
     'LazyData' is specified without a 'data' directory
Flavors: r-devel-linux-x86_64-debian-clang, r-devel-linux-x86_64-debian-gcc, r-devel-linux-x86_64-fedora-clang, r-devel-linux-x86_64-fedora-gcc, r-devel-windows-x86_64-new-UL, r-devel-windows-x86_64-new-TK, r-devel-windows-x86_64-old, r-patched-linux-x86_64, r-release-linux-x86_64, r-release-macos-arm64, r-release-macos-x86_64, r-release-windows-ix86+x86_64

Version: 0.3.1
Check: re-building of vignette outputs
Result: WARN
    Error(s) in re-building vignettes:
     ...
    --- re-building ‘ahn.Rmd’ using rmarkdown
    Warning in engine$weave(file, quiet = quiet, encoding = enc) :
     Pandoc (>= 1.12.3) not available. Falling back to R Markdown v1.
    Quitting from lines 66-67 (ahn.Rmd)
    Error: processing vignette 'ahn.Rmd' failed with diagnostics:
    invalid 'path' argument
    --- failed re-building ‘ahn.Rmd’
    
    SUMMARY: processing the following file failed:
     ‘ahn.Rmd’
    
    Error: Vignette re-building failed.
    Execution halted
Flavor: r-release-macos-x86_64

Version: 0.3.1
Check: re-building of vignette outputs
Result: WARN
    Error(s) in re-building vignettes:
     ...
    --- re-building ‘ahn.Rmd’ using rmarkdown
    Warning in engine$weave(file, quiet = quiet, encoding = enc) :
     Pandoc (>= 1.12.3) and/or pandoc-citeproc not available. Falling back to R Markdown v1.
    Quitting from lines 66-67 (ahn.Rmd)
    Error: processing vignette 'ahn.Rmd' failed with diagnostics:
    cannot open the connection
    --- failed re-building ‘ahn.Rmd’
    
    SUMMARY: processing the following file failed:
     ‘ahn.Rmd’
    
    Error: Vignette re-building failed.
    Execution halted
Flavor: r-oldrel-macos-x86_64