CRAN Package Check Results for Package aiRly

Last updated on 2021-10-27 05:55:01 CEST.

Flavor Version Tinstall Tcheck Ttotal Status Flags
r-devel-linux-x86_64-debian-clang 0.1.0 3.75 35.40 39.15 NOTE
r-devel-linux-x86_64-debian-gcc 0.1.0 2.79 27.38 30.17 NOTE
r-devel-linux-x86_64-fedora-clang 0.1.0 58.40 NOTE
r-devel-linux-x86_64-fedora-gcc 0.1.0 46.41 NOTE
r-devel-windows-x86_64 0.1.0 7.00 54.00 61.00 NOTE
r-devel-windows-x86_64-gcc10-UCRT 0.1.0 NOTE
r-patched-linux-x86_64 0.1.0 3.57 34.15 37.72 NOTE
r-patched-solaris-x86 0.1.0 70.30 NOTE
r-release-linux-x86_64 0.1.0 3.58 33.80 37.38 NOTE
r-release-macos-arm64 0.1.0 NOTE
r-release-macos-x86_64 0.1.0 NOTE
r-release-windows-ix86+x86_64 0.1.0 7.00 57.00 64.00 NOTE
r-oldrel-macos-x86_64 0.1.0 OK
r-oldrel-windows-ix86+x86_64 0.1.0 10.00 57.00 67.00 OK

Check Details

Version: 0.1.0
Check: LazyData
Result: NOTE
     'LazyData' is specified without a 'data' directory
Flavors: r-devel-linux-x86_64-debian-clang, r-devel-linux-x86_64-debian-gcc, r-devel-linux-x86_64-fedora-clang, r-devel-linux-x86_64-fedora-gcc, r-devel-windows-x86_64, r-devel-windows-x86_64-gcc10-UCRT, r-patched-linux-x86_64, r-patched-solaris-x86, r-release-linux-x86_64, r-release-macos-arm64, r-release-macos-x86_64, r-release-windows-ix86+x86_64