CRAN Package Check Results for Package aiRthermo

Last updated on 2021-10-24 05:54:57 CEST.

Flavor Version Tinstall Tcheck Ttotal Status Flags
r-devel-linux-x86_64-debian-clang 1.2.1 4.31 31.00 35.31 NOTE
r-devel-linux-x86_64-debian-gcc 1.2.1 3.59 24.43 28.02 NOTE
r-devel-linux-x86_64-fedora-clang 1.2.1 55.04 NOTE
r-devel-linux-x86_64-fedora-gcc 1.2.1 43.08 NOTE
r-devel-windows-x86_64 1.2.1 8.00 49.00 57.00 OK
r-devel-windows-x86_64-gcc10-UCRT 1.2.1 OK
r-patched-linux-x86_64 1.2.1 4.15 30.66 34.81 NOTE
r-patched-solaris-x86 1.2.1 68.20 NOTE
r-release-linux-x86_64 1.2.1 4.21 30.29 34.50 NOTE
r-release-macos-arm64 1.2.1 OK
r-release-macos-x86_64 1.2.1 OK
r-release-windows-ix86+x86_64 1.2.1 13.00 59.00 72.00 OK
r-oldrel-macos-x86_64 1.2.1 OK
r-oldrel-windows-ix86+x86_64 1.2.1 11.00 59.00 70.00 OK

Check Details

Version: 1.2.1
Check: for non-standard things in the check directory
Result: NOTE
    Found the following files/directories:
     'stuve.pdf'
Flavors: r-devel-linux-x86_64-debian-clang, r-devel-linux-x86_64-debian-gcc, r-devel-linux-x86_64-fedora-clang, r-devel-linux-x86_64-fedora-gcc, r-patched-linux-x86_64, r-patched-solaris-x86, r-release-linux-x86_64