CRAN Package Check Results for Package airGRteaching

Last updated on 2021-12-03 05:51:50 CET.

Flavor Version Tinstall Tcheck Ttotal Status Flags
r-devel-linux-x86_64-debian-clang 0.2.12 6.28 59.97 66.25 OK
r-devel-linux-x86_64-debian-gcc 0.2.12 4.15 45.88 50.03 OK
r-devel-linux-x86_64-fedora-clang 0.2.12 91.46 OK
r-devel-linux-x86_64-fedora-gcc 0.2.12 79.87 OK
r-devel-windows-x86_64-new-UL 0.2.12 18.00 112.00 130.00 OK
r-devel-windows-x86_64-new-TK 0.2.12 OK
r-devel-windows-x86_64-old 0.2.12 12.00 64.00 76.00 OK
r-patched-linux-x86_64 0.2.12 5.70 57.15 62.85 OK
r-patched-solaris-x86 0.2.12 119.40 NOTE
r-release-linux-x86_64 0.2.12 5.02 56.97 61.99 OK
r-release-macos-arm64 0.2.12 OK
r-release-macos-x86_64 0.2.12 ERROR
r-release-windows-ix86+x86_64 0.2.12 14.00 86.00 100.00 OK
r-oldrel-macos-x86_64 0.2.12 ERROR
r-oldrel-windows-ix86+x86_64 0.2.12 15.00 91.00 106.00 OK

Check Details

Version: 0.2.12
Check: installed package size
Result: NOTE
     installed size is 5.4Mb
     sub-directories of 1Mb or more:
     ShinyGR 4.6Mb
Flavor: r-patched-solaris-x86

Version: 0.2.12
Check: tests
Result: ERROR
     Running ‘testthat.R’ [1s/1s]
    Running the tests in ‘tests/testthat.R’ failed.
    Last 13 lines of output:
     Error in `SimGR(PrepGR = PrepTotNA, Param = c(270.426, 0.984, 108.853,
     2.149), EffCrit = "KGE2", WupPer = c("1994-01-01", "1994-12-31"),
     SimPer = c("1995-01-01", "1998-12-31"))`: Non convenient date for the warm-up period "WupPer"
     Backtrace:
     █
     1. ├─testthat::expect_warning(...) test-SimGR.R:28:2
     2. │ └─testthat:::quasi_capture(enquo(object), label, capture_warnings)
     3. │ ├─testthat:::.capture(...)
     4. │ │ └─base::withCallingHandlers(...)
     5. │ └─rlang::eval_bare(quo_get_expr(.quo), quo_get_env(.quo))
     6. └─airGRteaching::SimGR(...)
    
     [ FAIL 1 | WARN 0 | SKIP 0 | PASS 1 ]
     Error: Test failures
     Execution halted
Flavors: r-release-macos-x86_64, r-oldrel-macos-x86_64