CRAN Package Check Results for Package akc

Last updated on 2024-06-13 06:57:54 CEST.

Flavor Version Tinstall Tcheck Ttotal Status Flags
r-devel-linux-x86_64-debian-clang 0.9.9 16.20 201.32 217.52 OK
r-devel-linux-x86_64-debian-gcc 0.9.9 0.35 1.75 2.10 ERROR
r-devel-linux-x86_64-fedora-clang 0.9.9 299.15 NOTE
r-devel-linux-x86_64-fedora-gcc 0.9.9 280.41 OK
r-devel-windows-x86_64 0.9.9 14.00 154.00 168.00 OK
r-patched-linux-x86_64 0.9.9 17.82 201.64 219.46 OK
r-release-linux-x86_64 0.9.9 16.12 196.97 213.09 OK
r-release-macos-arm64 0.9.9 81.00 OK
r-release-macos-x86_64 0.9.9 116.00 OK
r-release-windows-x86_64 0.9.9 13.00 158.00 171.00 OK
r-oldrel-macos-arm64 0.9.9 89.00 OK
r-oldrel-macos-x86_64 0.9.9 141.00 OK
r-oldrel-windows-x86_64 0.9.9 18.00 210.00 228.00 OK

Check Details

Version: 0.9.9
Check: package dependencies
Result: ERROR Packages required but not available: 'igraph', 'dplyr', 'ggplot2', 'stringr', 'ggraph', 'tidygraph', 'ggforce', 'textstem', 'tibble', 'tidytext', 'ggwordcloud', 'tidyfst' Package suggested but not available for checking: ‘testthat’ See section ‘The DESCRIPTION file’ in the ‘Writing R Extensions’ manual. Flavor: r-devel-linux-x86_64-debian-gcc

Version: 0.9.9
Check: Rd cross-references
Result: NOTE Undeclared package ‘SnowballC’ in Rd xrefs Flavor: r-devel-linux-x86_64-fedora-clang