CRAN Package Check Results for Package akima

Last updated on 2021-10-17 05:49:01 CEST.

Flavor Version Tinstall Tcheck Ttotal Status Flags
r-devel-linux-x86_64-debian-clang 0.6-2.2 10.73 37.86 48.59 WARN
r-devel-linux-x86_64-debian-gcc 0.6-2.2 9.33 29.20 38.53 WARN
r-devel-linux-x86_64-fedora-clang 0.6-2.2 72.09 WARN
r-devel-linux-x86_64-fedora-gcc 0.6-2.2 64.44 WARN
r-devel-windows-x86_64 0.6-2.2 20.00 57.00 77.00 OK
r-devel-windows-x86_64-gcc10-UCRT 0.6-2.2 OK
r-patched-linux-x86_64 0.6-2.2 12.00 36.41 48.41 WARN
r-patched-solaris-x86 0.6-2.2 88.00 OK
r-release-linux-x86_64 0.6-2.2 10.96 36.45 47.41 WARN
r-release-macos-arm64 0.6-2.2 OK
r-release-macos-x86_64 0.6-2.2 OK
r-release-windows-ix86+x86_64 0.6-2.2 26.00 73.00 99.00 OK
r-oldrel-macos-x86_64 0.6-2.2 OK
r-oldrel-windows-ix86+x86_64 0.6-2.2 35.00 71.00 106.00 OK

Check Details

Version: 0.6-2.2
Check: top-level files
Result: WARN
     Output from running autoreconf:
     configure.ac:29: warning: AC_OUTPUT should be used without arguments.
     configure.ac:29: You should run autoupdate.
Flavors: r-devel-linux-x86_64-debian-clang, r-devel-linux-x86_64-debian-gcc, r-patched-linux-x86_64, r-release-linux-x86_64

Version: 0.6-2.2
Check: top-level files
Result: WARN
     Output from running autoreconf:
     configure.ac:29: warning: AC_OUTPUT should be used without arguments.
     configure.ac:29: You should run autoupdate.
     configure.ac:29: warning: AC_OUTPUT should be used without arguments.
     configure.ac:29: You should run autoupdate.
Flavors: r-devel-linux-x86_64-fedora-clang, r-devel-linux-x86_64-fedora-gcc

Version: 0.6-2.2
Check: Rd cross-references
Result: NOTE
    Undeclared package ‘tripack’ in Rd xrefs
Flavor: r-devel-linux-x86_64-fedora-clang