CRAN Package Check Results for Package akmbiclust

Last updated on 2021-10-21 05:50:50 CEST.

Flavor Version Tinstall Tcheck Ttotal Status Flags
r-devel-linux-x86_64-debian-clang 0.1.0 1.70 20.73 22.43 NOTE
r-devel-linux-x86_64-debian-gcc 0.1.0 1.59 16.32 17.91 NOTE
r-devel-linux-x86_64-fedora-clang 0.1.0 38.74 NOTE
r-devel-linux-x86_64-fedora-gcc 0.1.0 27.63 NOTE
r-devel-windows-x86_64 0.1.0 4.00 34.00 38.00 NOTE
r-devel-windows-x86_64-gcc10-UCRT 0.1.0 NOTE
r-patched-linux-x86_64 0.1.0 1.98 20.36 22.34 NOTE
r-patched-solaris-x86 0.1.0 46.00 NOTE
r-release-linux-x86_64 0.1.0 1.62 20.22 21.84 NOTE
r-release-macos-arm64 0.1.0 NOTE
r-release-macos-x86_64 0.1.0 NOTE
r-release-windows-ix86+x86_64 0.1.0 5.00 33.00 38.00 NOTE
r-oldrel-macos-x86_64 0.1.0 OK
r-oldrel-windows-ix86+x86_64 0.1.0 5.00 31.00 36.00 OK

Check Details

Version: 0.1.0
Check: LazyData
Result: NOTE
     'LazyData' is specified without a 'data' directory
Flavors: r-devel-linux-x86_64-debian-clang, r-devel-linux-x86_64-debian-gcc, r-devel-linux-x86_64-fedora-clang, r-devel-linux-x86_64-fedora-gcc, r-devel-windows-x86_64, r-devel-windows-x86_64-gcc10-UCRT, r-patched-linux-x86_64, r-patched-solaris-x86, r-release-linux-x86_64, r-release-macos-arm64, r-release-macos-x86_64, r-release-windows-ix86+x86_64