CRAN Package Check Results for Package algorithmia

Last updated on 2021-10-23 06:13:01 CEST.

Flavor Version Tinstall Tcheck Ttotal Status Flags
r-devel-linux-x86_64-debian-clang 0.3.0 4.70 26.92 31.62 NOTE
r-devel-linux-x86_64-debian-gcc 0.3.0 3.56 21.27 24.83 NOTE
r-devel-linux-x86_64-fedora-clang 0.3.0 49.48 NOTE
r-devel-linux-x86_64-fedora-gcc 0.3.0 38.35 NOTE
r-devel-windows-x86_64 0.3.0 10.00 43.00 53.00 NOTE
r-devel-windows-x86_64-gcc10-UCRT 0.3.0 NOTE
r-patched-linux-x86_64 0.3.0 4.33 26.10 30.43 NOTE
r-patched-solaris-x86 0.3.0 58.60 NOTE
r-release-linux-x86_64 0.3.0 4.22 26.02 30.24 NOTE
r-release-macos-arm64 0.3.0 NOTE
r-release-macos-x86_64 0.3.0 NOTE
r-release-windows-ix86+x86_64 0.3.0 9.00 44.00 53.00 NOTE
r-oldrel-macos-x86_64 0.3.0 OK
r-oldrel-windows-ix86+x86_64 0.3.0 12.00 44.00 56.00 OK

Check Details

Version: 0.3.0
Check: LazyData
Result: NOTE
     'LazyData' is specified without a 'data' directory
Flavors: r-devel-linux-x86_64-debian-clang, r-devel-linux-x86_64-debian-gcc, r-devel-linux-x86_64-fedora-clang, r-devel-linux-x86_64-fedora-gcc, r-devel-windows-x86_64, r-devel-windows-x86_64-gcc10-UCRT, r-patched-linux-x86_64, r-patched-solaris-x86, r-release-linux-x86_64, r-release-macos-arm64, r-release-macos-x86_64, r-release-windows-ix86+x86_64