CRAN Package Check Results for Package almanac

Last updated on 2021-10-16 05:51:14 CEST.

Flavor Version Tinstall Tcheck Ttotal Status Flags
r-devel-linux-x86_64-debian-clang 0.1.1 10.02 147.20 157.22 NOTE
r-devel-linux-x86_64-debian-gcc 0.1.1 7.61 102.49 110.10 NOTE
r-devel-linux-x86_64-fedora-clang 0.1.1 208.55 NOTE
r-devel-linux-x86_64-fedora-gcc 0.1.1 198.75 NOTE
r-devel-windows-x86_64 0.1.1 17.00 141.00 158.00 NOTE
r-devel-windows-x86_64-gcc10-UCRT 0.1.1 NOTE
r-patched-linux-x86_64 0.1.1 9.25 143.70 152.95 NOTE
r-patched-solaris-x86 0.1.1 445.00 NOTE
r-release-linux-x86_64 0.1.1 9.35 146.94 156.29 NOTE
r-release-macos-arm64 0.1.1 NOTE
r-release-macos-x86_64 0.1.1 NOTE
r-release-windows-ix86+x86_64 0.1.1 31.00 312.00 343.00 NOTE
r-oldrel-macos-x86_64 0.1.1 OK
r-oldrel-windows-ix86+x86_64 0.1.1 30.00 311.00 341.00 OK

Check Details

Version: 0.1.1
Check: LazyData
Result: NOTE
     'LazyData' is specified without a 'data' directory
Flavors: r-devel-linux-x86_64-debian-clang, r-devel-linux-x86_64-debian-gcc, r-devel-linux-x86_64-fedora-clang, r-devel-linux-x86_64-fedora-gcc, r-devel-windows-x86_64, r-devel-windows-x86_64-gcc10-UCRT, r-patched-linux-x86_64, r-patched-solaris-x86, r-release-linux-x86_64, r-release-macos-arm64, r-release-macos-x86_64, r-release-windows-ix86+x86_64