CRAN Package Check Results for Package alphavantager

Last updated on 2022-01-25 05:54:35 CET.

Flavor Version Tinstall Tcheck Ttotal Status Flags
r-devel-linux-x86_64-debian-clang 0.1.2 4.21 54.98 59.19 NOTE
r-devel-linux-x86_64-debian-gcc 0.1.2 3.89 46.88 50.77 NOTE
r-devel-linux-x86_64-fedora-clang 0.1.2 71.48 NOTE
r-devel-linux-x86_64-fedora-gcc 0.1.2 60.52 NOTE
r-devel-windows-x86_64-new-UL 0.1.2 29.00 73.00 102.00 NOTE
r-devel-windows-x86_64-new-TK 0.1.2 NOTE
r-patched-linux-x86_64 0.1.2 3.04 50.93 53.97 NOTE
r-release-linux-x86_64 0.1.2 3.81 50.71 54.52 NOTE
r-release-macos-arm64 0.1.2 NOTE
r-release-macos-x86_64 0.1.2 NOTE
r-release-windows-ix86+x86_64 0.1.2 13.00 62.00 75.00 NOTE
r-oldrel-macos-x86_64 0.1.2 OK
r-oldrel-windows-ix86+x86_64 0.1.2 14.00 63.00 77.00 OK

Check Details

Version: 0.1.2
Check: LazyData
Result: NOTE
     'LazyData' is specified without a 'data' directory
Flavors: r-devel-linux-x86_64-debian-clang, r-devel-linux-x86_64-debian-gcc, r-devel-linux-x86_64-fedora-clang, r-devel-linux-x86_64-fedora-gcc, r-devel-windows-x86_64-new-UL, r-devel-windows-x86_64-new-TK, r-patched-linux-x86_64, r-release-linux-x86_64, r-release-macos-arm64, r-release-macos-x86_64, r-release-windows-ix86+x86_64