CRAN Package Check Results for Package alphavantager

Last updated on 2023-01-29 05:49:29 CET.

Flavor Version Tinstall Tcheck Ttotal Status Flags
r-devel-linux-x86_64-debian-clang 0.1.2 4.72 50.60 55.32 NOTE
r-devel-linux-x86_64-debian-gcc 0.1.2 4.41 37.80 42.21 NOTE
r-devel-linux-x86_64-fedora-clang 0.1.2 76.35 NOTE
r-devel-linux-x86_64-fedora-gcc 0.1.2 66.54 NOTE
r-devel-windows-x86_64 0.1.2 24.00 85.00 109.00 NOTE
r-patched-linux-x86_64 0.1.2 4.60 49.65 54.25 NOTE
r-release-linux-x86_64 0.1.2 3.42 49.40 52.82 NOTE
r-release-macos-arm64 0.1.2 24.00 NOTE
r-release-macos-x86_64 0.1.2 40.00 NOTE
r-release-windows-x86_64 0.1.2 15.00 78.00 93.00 NOTE
r-oldrel-macos-arm64 0.1.2 28.00 NOTE
r-oldrel-macos-x86_64 0.1.2 43.00 NOTE
r-oldrel-windows-ix86+x86_64 0.1.2 16.00 74.00 90.00 NOTE

Check Details

Version: 0.1.2
Check: LazyData
Result: NOTE
     'LazyData' is specified without a 'data' directory
Flavors: r-devel-linux-x86_64-debian-clang, r-devel-linux-x86_64-debian-gcc, r-devel-linux-x86_64-fedora-clang, r-devel-linux-x86_64-fedora-gcc, r-devel-windows-x86_64, r-patched-linux-x86_64, r-release-linux-x86_64, r-release-macos-arm64, r-release-macos-x86_64, r-release-windows-x86_64, r-oldrel-macos-arm64, r-oldrel-macos-x86_64, r-oldrel-windows-ix86+x86_64